{"id":15646,"date":"2025-01-08T13:57:54","date_gmt":"2025-01-08T12:57:54","guid":{"rendered":"https:\/\/sonus.glazbenaudrugaopus.hr\/?post_type=profile&#038;p=15646"},"modified":"2025-01-11T09:55:44","modified_gmt":"2025-01-11T08:55:44","slug":"marko-feri","status":"publish","type":"profile","link":"https:\/\/sonus.glazbenaudrugaopus.hr\/en\/blog\/profile\/marko-feri\/","title":{"rendered":"Marko Feri"},"content":{"rendered":"<figure class=\"wp-block-image size-full is-resized\"><img decoding=\"async\" src=\"https:\/\/sonus.glazbenaudrugaopus.hr\/wp-content\/uploads\/MARKO_FERI-scaled.jpg\" alt=\"\" class=\"wp-image-15647\" style=\"width:300px\"\/><\/figure>\n\n\n\n<p><strong>Marko Feri <\/strong>took his Diploma in guitar at the \u201cG.Tartini\u201d conservatory in Trieste (Italy)\nand then attended many masterclasses with D.Russell, M.Barrueco and A.Ponce.\n\n<br> He plays regularly in important music festivals in Europe (Italy, Slovenia, Croatia,\nSpain, Germany, France, Romania, Bosnia, Serbia, Montenegro, Kosovo, Albania,\nAustria, Belgium, Switzerland, Hungary), USA (GFA 2006 \u2013 Columbus GA, GFA\n2012 \u2013 Charleston SC, and other festivals in New York State, Texas, Ohio, Virginia,\nNorth Carolina, Tennessee), Canada (Toronto Guitar Society Series 2011,2012),\nMexico, Australia and Japan, both as a soloist and with chamber music ensembles.\n\n<br> He has recorded several CD\u2019s: \"Barok\" (2017), \u201cVivo\u201d and \u201cNocturnal\u201d as soloist;\n\"Duo\" (2020), with guitarist Jano\u0161 Jurin\u010di\u010d; \"Views\" (2016) with flutist Alenka Zupan;\n\u201cStrolic\u201d with Natissa choir (music by Sivilotti); \u201cCastelli friulani\u201d with flutist\nN.Mazzanti (music by G.Tortora); \u201cNotes Vagabondes - Live\u201d and \u201cModulante\u201d with\nthe Gorni Kramer Quartet; \u201c20th Century Original Works For Flute And Guitar\u201d with\nE.Michelazzi; \u201cViva Sevilla\u201d with the \u201cItalian Guitar Consort\u201d; \u201cAstor Piazzolla-\nOrchestral Works\u201d with the Concordia Chamber Orchestra; \u201cEvasion\u201d (music by\nPiazzolla and Bolling) with Evasion group. \nHe teaches guitar at the Glasbena\nMatica \u201cMarij Kogoj\u201d in Trieste-Italy, gives masterclasses in Europe, USA, Canada\nand Mexico and was visiting professor at the Academy of Arts in Osijek (2017-\n2024). He is also the founder of the International Guitar Festival \u201cKras\u201d\n(Italy\/Slovenia). <\/p>","protected":false},"excerpt":{"rendered":"<p>Marko Feri diplomirao je gitaru na Konzervatoriju Guiseppe Tartini u Trstu (Italija) 1990. godine, a potom poha\u0111ao majstorske seminare s Davidom Russellom, Manuelom Barruecom i Albertom Ponceom. Redovito nastupa na cijenjenim glazbenim festivalima u Europi (Italija, Slovenija, Hrvatska, \u0160panjolska, Njema\u010dka, Francuska, Rumunjska, Bosna i Hercegovina, Srbija, Crna Gora, Kosovo, Albanija, Austrija, Belgija, \u0160vicarka i Ma\u0111arska),&#8230;<\/p>","protected":false},"featured_media":15647,"menu_order":0,"template":"","meta":{"footnotes":""},"pl-categs":[],"class_list":["post-15646","profile","type-profile","status-publish","has-post-thumbnail","hentry"],"yoast_head":"<!-- This site is optimized with the Yoast SEO plugin v24.6 - https:\/\/yoast.com\/wordpress\/plugins\/seo\/ -->\n<title>Marko Feri - Sonus<\/title>\n<meta name=\"robots\" content=\"index, follow, max-snippet:-1, max-image-preview:large, max-video-preview:-1\" \/>\n<link rel=\"canonical\" href=\"https:\/\/sonus.glazbenaudrugaopus.hr\/en\/blog\/profile\/marko-feri\/\" \/>\n<meta property=\"og:locale\" content=\"en_GB\" \/>\n<meta property=\"og:type\" content=\"article\" \/>\n<meta property=\"og:title\" content=\"Marko Feri - Sonus\" \/>\n<meta property=\"og:description\" content=\"Marko Feri diplomirao je gitaru na Konzervatoriju Guiseppe Tartini u Trstu (Italija) 1990. godine, a potom poha\u0111ao majstorske seminare s Davidom Russellom, Manuelom Barruecom i Albertom Ponceom. Redovito nastupa na cijenjenim glazbenim festivalima u Europi (Italija, Slovenija, Hrvatska, \u0160panjolska, Njema\u010dka, Francuska, Rumunjska, Bosna i Hercegovina, Srbija, Crna Gora, Kosovo, Albanija, Austrija, Belgija, \u0160vicarka i Ma\u0111arska),...\" \/>\n<meta property=\"og:url\" content=\"https:\/\/sonus.glazbenaudrugaopus.hr\/en\/blog\/profile\/marko-feri\/\" \/>\n<meta property=\"og:site_name\" content=\"Sonus\" \/>\n<meta property=\"article:modified_time\" content=\"2025-01-11T08:55:44+00:00\" \/>\n<meta property=\"og:image\" content=\"https:\/\/sonus.glazbenaudrugaopus.hr\/wp-content\/uploads\/MARKO_FERI-scaled-e1736341063863.jpg\" \/>\n\t<meta property=\"og:image:width\" content=\"300\" \/>\n\t<meta property=\"og:image:height\" content=\"399\" \/>\n\t<meta property=\"og:image:type\" content=\"image\/jpeg\" \/>\n<meta name=\"twitter:card\" content=\"summary_large_image\" \/>\n<meta name=\"twitter:label1\" content=\"Estimated reading time\" \/>\n\t<meta name=\"twitter:data1\" content=\"2 minutes\" \/>\n<script type=\"application\/ld+json\" class=\"yoast-schema-graph\">{\"@context\":\"https:\/\/schema.org\",\"@graph\":[{\"@type\":\"WebPage\",\"@id\":\"https:\/\/sonus.glazbenaudrugaopus.hr\/blog\/profile\/marko-feri\/\",\"url\":\"https:\/\/sonus.glazbenaudrugaopus.hr\/blog\/profile\/marko-feri\/\",\"name\":\"Marko Feri - Sonus\",\"isPartOf\":{\"@id\":\"https:\/\/sonus.glazbenaudrugaopus.hr\/#website\"},\"primaryImageOfPage\":{\"@id\":\"https:\/\/sonus.glazbenaudrugaopus.hr\/blog\/profile\/marko-feri\/#primaryimage\"},\"image\":{\"@id\":\"https:\/\/sonus.glazbenaudrugaopus.hr\/blog\/profile\/marko-feri\/#primaryimage\"},\"thumbnailUrl\":\"https:\/\/sonus.glazbenaudrugaopus.hr\/wp-content\/uploads\/MARKO_FERI-scaled-e1736341063863.jpg\",\"datePublished\":\"2025-01-08T12:57:54+00:00\",\"dateModified\":\"2025-01-11T08:55:44+00:00\",\"breadcrumb\":{\"@id\":\"https:\/\/sonus.glazbenaudrugaopus.hr\/blog\/profile\/marko-feri\/#breadcrumb\"},\"inLanguage\":\"en-GB\",\"potentialAction\":[{\"@type\":\"ReadAction\",\"target\":[\"https:\/\/sonus.glazbenaudrugaopus.hr\/blog\/profile\/marko-feri\/\"]}]},{\"@type\":\"ImageObject\",\"inLanguage\":\"en-GB\",\"@id\":\"https:\/\/sonus.glazbenaudrugaopus.hr\/blog\/profile\/marko-feri\/#primaryimage\",\"url\":\"https:\/\/sonus.glazbenaudrugaopus.hr\/wp-content\/uploads\/MARKO_FERI-scaled-e1736341063863.jpg\",\"contentUrl\":\"https:\/\/sonus.glazbenaudrugaopus.hr\/wp-content\/uploads\/MARKO_FERI-scaled-e1736341063863.jpg\",\"width\":300,\"height\":399},{\"@type\":\"BreadcrumbList\",\"@id\":\"https:\/\/sonus.glazbenaudrugaopus.hr\/blog\/profile\/marko-feri\/#breadcrumb\",\"itemListElement\":[{\"@type\":\"ListItem\",\"position\":1,\"name\":\"Home\",\"item\":\"https:\/\/sonus.glazbenaudrugaopus.hr\/\"},{\"@type\":\"ListItem\",\"position\":2,\"name\":\"Profiles\",\"item\":\"http:\/\/sonus.glazbenaudrugaopus.hr\/en\/blog\/profile\/\"},{\"@type\":\"ListItem\",\"position\":3,\"name\":\"Marko Feri\"}]},{\"@type\":\"WebSite\",\"@id\":\"https:\/\/sonus.glazbenaudrugaopus.hr\/#website\",\"url\":\"https:\/\/sonus.glazbenaudrugaopus.hr\/\",\"name\":\"Sonus\",\"description\":\"glazbeno natjecanje sonus\",\"potentialAction\":[{\"@type\":\"SearchAction\",\"target\":{\"@type\":\"EntryPoint\",\"urlTemplate\":\"https:\/\/sonus.glazbenaudrugaopus.hr\/?s={search_term_string}\"},\"query-input\":{\"@type\":\"PropertyValueSpecification\",\"valueRequired\":true,\"valueName\":\"search_term_string\"}}],\"inLanguage\":\"en-GB\"}]}<\/script>\n<!-- \/ Yoast SEO plugin. -->","yoast_head_json":{"title":"Marko Feri - Sonus","robots":{"index":"index","follow":"follow","max-snippet":"max-snippet:-1","max-image-preview":"max-image-preview:large","max-video-preview":"max-video-preview:-1"},"canonical":"https:\/\/sonus.glazbenaudrugaopus.hr\/en\/blog\/profile\/marko-feri\/","og_locale":"en_GB","og_type":"article","og_title":"Marko Feri - Sonus","og_description":"Marko Feri diplomirao je gitaru na Konzervatoriju Guiseppe Tartini u Trstu (Italija) 1990. godine, a potom poha\u0111ao majstorske seminare s Davidom Russellom, Manuelom Barruecom i Albertom Ponceom. Redovito nastupa na cijenjenim glazbenim festivalima u Europi (Italija, Slovenija, Hrvatska, \u0160panjolska, Njema\u010dka, Francuska, Rumunjska, Bosna i Hercegovina, Srbija, Crna Gora, Kosovo, Albanija, Austrija, Belgija, \u0160vicarka i Ma\u0111arska),...","og_url":"https:\/\/sonus.glazbenaudrugaopus.hr\/en\/blog\/profile\/marko-feri\/","og_site_name":"Sonus","article_modified_time":"2025-01-11T08:55:44+00:00","og_image":[{"width":300,"height":399,"url":"https:\/\/sonus.glazbenaudrugaopus.hr\/wp-content\/uploads\/MARKO_FERI-scaled-e1736341063863.jpg","type":"image\/jpeg"}],"twitter_card":"summary_large_image","twitter_misc":{"Estimated reading time":"2 minutes"},"schema":{"@context":"https:\/\/schema.org","@graph":[{"@type":"WebPage","@id":"https:\/\/sonus.glazbenaudrugaopus.hr\/blog\/profile\/marko-feri\/","url":"https:\/\/sonus.glazbenaudrugaopus.hr\/blog\/profile\/marko-feri\/","name":"Marko Feri - Sonus","isPartOf":{"@id":"https:\/\/sonus.glazbenaudrugaopus.hr\/#website"},"primaryImageOfPage":{"@id":"https:\/\/sonus.glazbenaudrugaopus.hr\/blog\/profile\/marko-feri\/#primaryimage"},"image":{"@id":"https:\/\/sonus.glazbenaudrugaopus.hr\/blog\/profile\/marko-feri\/#primaryimage"},"thumbnailUrl":"https:\/\/sonus.glazbenaudrugaopus.hr\/wp-content\/uploads\/MARKO_FERI-scaled-e1736341063863.jpg","datePublished":"2025-01-08T12:57:54+00:00","dateModified":"2025-01-11T08:55:44+00:00","breadcrumb":{"@id":"https:\/\/sonus.glazbenaudrugaopus.hr\/blog\/profile\/marko-feri\/#breadcrumb"},"inLanguage":"en-GB","potentialAction":[{"@type":"ReadAction","target":["https:\/\/sonus.glazbenaudrugaopus.hr\/blog\/profile\/marko-feri\/"]}]},{"@type":"ImageObject","inLanguage":"en-GB","@id":"https:\/\/sonus.glazbenaudrugaopus.hr\/blog\/profile\/marko-feri\/#primaryimage","url":"https:\/\/sonus.glazbenaudrugaopus.hr\/wp-content\/uploads\/MARKO_FERI-scaled-e1736341063863.jpg","contentUrl":"https:\/\/sonus.glazbenaudrugaopus.hr\/wp-content\/uploads\/MARKO_FERI-scaled-e1736341063863.jpg","width":300,"height":399},{"@type":"BreadcrumbList","@id":"https:\/\/sonus.glazbenaudrugaopus.hr\/blog\/profile\/marko-feri\/#breadcrumb","itemListElement":[{"@type":"ListItem","position":1,"name":"Home","item":"https:\/\/sonus.glazbenaudrugaopus.hr\/"},{"@type":"ListItem","position":2,"name":"Profiles","item":"http:\/\/sonus.glazbenaudrugaopus.hr\/en\/blog\/profile\/"},{"@type":"ListItem","position":3,"name":"Marko Feri"}]},{"@type":"WebSite","@id":"https:\/\/sonus.glazbenaudrugaopus.hr\/#website","url":"https:\/\/sonus.glazbenaudrugaopus.hr\/","name":"Sonus","description":"glazbeno natjecanje sonus","potentialAction":[{"@type":"SearchAction","target":{"@type":"EntryPoint","urlTemplate":"https:\/\/sonus.glazbenaudrugaopus.hr\/?s={search_term_string}"},"query-input":{"@type":"PropertyValueSpecification","valueRequired":true,"valueName":"search_term_string"}}],"inLanguage":"en-GB"}]}},"_links":{"self":[{"href":"https:\/\/sonus.glazbenaudrugaopus.hr\/en\/wp-json\/wp\/v2\/profile\/15646","targetHints":{"allow":["GET"]}}],"collection":[{"href":"https:\/\/sonus.glazbenaudrugaopus.hr\/en\/wp-json\/wp\/v2\/profile"}],"about":[{"href":"https:\/\/sonus.glazbenaudrugaopus.hr\/en\/wp-json\/wp\/v2\/types\/profile"}],"version-history":[{"count":6,"href":"https:\/\/sonus.glazbenaudrugaopus.hr\/en\/wp-json\/wp\/v2\/profile\/15646\/revisions"}],"predecessor-version":[{"id":15692,"href":"https:\/\/sonus.glazbenaudrugaopus.hr\/en\/wp-json\/wp\/v2\/profile\/15646\/revisions\/15692"}],"wp:featuredmedia":[{"embeddable":true,"href":"https:\/\/sonus.glazbenaudrugaopus.hr\/en\/wp-json\/wp\/v2\/media\/15647"}],"wp:attachment":[{"href":"https:\/\/sonus.glazbenaudrugaopus.hr\/en\/wp-json\/wp\/v2\/media?parent=15646"}],"wp:term":[{"taxonomy":"pl-categs","embeddable":true,"href":"https:\/\/sonus.glazbenaudrugaopus.hr\/en\/wp-json\/wp\/v2\/pl-categs?post=15646"}],"curies":[{"name":"wp","href":"https:\/\/api.w.org\/{rel}","templated":true}]}}

<figure class="wp-block-image size-full is-resized"><img decoding="async" src="https://sonus.glazbenaudrugaopus.hr/wp-content/uploads/MARKO_FERI-scaled.jpg" alt="" class="wp-image-15647" style="width:300px"/></figure>



<p><strong>Marko Feri </strong>took his Diploma in guitar at the “G.Tartini” conservatory in Trieste (Italy)
and then attended many masterclasses with D.Russell, M.Barrueco and A.Ponce.

<br> He plays regularly in important music festivals in Europe (Italy, Slovenia, Croatia,
Spain, Germany, France, Romania, Bosnia, Serbia, Montenegro, Kosovo, Albania,
Austria, Belgium, Switzerland, Hungary), USA (GFA 2006 – Columbus GA, GFA
2012 – Charleston SC, and other festivals in New York State, Texas, Ohio, Virginia,
North Carolina, Tennessee), Canada (Toronto Guitar Society Series 2011,2012),
Mexico, Australia and Japan, both as a soloist and with chamber music ensembles.

<br> He has recorded several CD’s: "Barok" (2017), “Vivo” and “Nocturnal” as soloist;
"Duo" (2020), with guitarist Janoš Jurinčič; "Views" (2016) with flutist Alenka Zupan;
“Strolic” with Natissa choir (music by Sivilotti); “Castelli friulani” with flutist
N.Mazzanti (music by G.Tortora); “Notes Vagabondes - Live” and “Modulante” with
the Gorni Kramer Quartet; “20th Century Original Works For Flute And Guitar” with
E.Michelazzi; “Viva Sevilla” with the “Italian Guitar Consort”; “Astor Piazzolla-
Orchestral Works” with the Concordia Chamber Orchestra; “Evasion” (music by
Piazzolla and Bolling) with Evasion group. 
He teaches guitar at the Glasbena
Matica “Marij Kogoj” in Trieste-Italy, gives masterclasses in Europe, USA, Canada
and Mexico and was visiting professor at the Academy of Arts in Osijek (2017-
2024). He is also the founder of the International Guitar Festival “Kras”
(Italy/Slovenia). </p>

<p>Marko Feri diplomirao je gitaru na Konzervatoriju Guiseppe Tartini u Trstu (Italija) 1990. godine, a potom pohađao majstorske seminare s Davidom Russellom, Manuelom Barruecom i Albertom Ponceom. Redovito nastupa na cijenjenim glazbenim festivalima u Europi (Italija, Slovenija, Hrvatska, Španjolska, Njemačka, Francuska, Rumunjska, Bosna i Hercegovina, Srbija, Crna Gora, Kosovo, Albanija, Austrija, Belgija, Švicarka i Mađarska),&#8230;</p>

<!-- This site is optimized with the Yoast SEO plugin v24.6 - https://yoast.com/wordpress/plugins/seo/ -->
<title>Marko Feri - Sonus</title>
<meta name="robots" content="index, follow, max-snippet:-1, max-image-preview:large, max-video-preview:-1" />
<link rel="canonical" href="https://sonus.glazbenaudrugaopus.hr/en/blog/profile/marko-feri/" />
<meta property="og:locale" content="en_GB" />
<meta property="og:type" content="article" />
<meta property="og:title" content="Marko Feri - Sonus" />
<meta property="og:description" content="Marko Feri diplomirao je gitaru na Konzervatoriju Guiseppe Tartini u Trstu (Italija) 1990. godine, a potom pohađao majstorske seminare s Davidom Russellom, Manuelom Barruecom i Albertom Ponceom. Redovito nastupa na cijenjenim glazbenim festivalima u Europi (Italija, Slovenija, Hrvatska, Španjolska, Njemačka, Francuska, Rumunjska, Bosna i Hercegovina, Srbija, Crna Gora, Kosovo, Albanija, Austrija, Belgija, Švicarka i Mađarska),..." />
<meta property="og:url" content="https://sonus.glazbenaudrugaopus.hr/en/blog/profile/marko-feri/" />
<meta property="og:site_name" content="Sonus" />
<meta property="article:modified_time" content="2025-01-11T08:55:44+00:00" />
<meta property="og:image" content="https://sonus.glazbenaudrugaopus.hr/wp-content/uploads/MARKO_FERI-scaled-e1736341063863.jpg" />
	<meta property="og:image:width" content="300" />
	<meta property="og:image:height" content="399" />
	<meta property="og:image:type" content="image/jpeg" />
<meta name="twitter:card" content="summary_large_image" />
<meta name="twitter:label1" content="Estimated reading time" />
	<meta name="twitter:data1" content="2 minutes" />
<script type="application/ld+json" class="yoast-schema-graph">{"@context":"https://schema.org","@graph":[{"@type":"WebPage","@id":"https://sonus.glazbenaudrugaopus.hr/blog/profile/marko-feri/","url":"https://sonus.glazbenaudrugaopus.hr/blog/profile/marko-feri/","name":"Marko Feri - Sonus","isPartOf":{"@id":"https://sonus.glazbenaudrugaopus.hr/#website"},"primaryImageOfPage":{"@id":"https://sonus.glazbenaudrugaopus.hr/blog/profile/marko-feri/#primaryimage"},"image":{"@id":"https://sonus.glazbenaudrugaopus.hr/blog/profile/marko-feri/#primaryimage"},"thumbnailUrl":"https://sonus.glazbenaudrugaopus.hr/wp-content/uploads/MARKO_FERI-scaled-e1736341063863.jpg","datePublished":"2025-01-08T12:57:54+00:00","dateModified":"2025-01-11T08:55:44+00:00","breadcrumb":{"@id":"https://sonus.glazbenaudrugaopus.hr/blog/profile/marko-feri/#breadcrumb"},"inLanguage":"en-GB","potentialAction":[{"@type":"ReadAction","target":["https://sonus.glazbenaudrugaopus.hr/blog/profile/marko-feri/"]}]},{"@type":"ImageObject","inLanguage":"en-GB","@id":"https://sonus.glazbenaudrugaopus.hr/blog/profile/marko-feri/#primaryimage","url":"https://sonus.glazbenaudrugaopus.hr/wp-content/uploads/MARKO_FERI-scaled-e1736341063863.jpg","contentUrl":"https://sonus.glazbenaudrugaopus.hr/wp-content/uploads/MARKO_FERI-scaled-e1736341063863.jpg","width":300,"height":399},{"@type":"BreadcrumbList","@id":"https://sonus.glazbenaudrugaopus.hr/blog/profile/marko-feri/#breadcrumb","itemListElement":[{"@type":"ListItem","position":1,"name":"Home","item":"https://sonus.glazbenaudrugaopus.hr/"},{"@type":"ListItem","position":2,"name":"Profiles","item":"http://sonus.glazbenaudrugaopus.hr/en/blog/profile/"},{"@type":"ListItem","position":3,"name":"Marko Feri"}]},{"@type":"WebSite","@id":"https://sonus.glazbenaudrugaopus.hr/#website","url":"https://sonus.glazbenaudrugaopus.hr/","name":"Sonus","description":"glazbeno natjecanje sonus","potentialAction":[{"@type":"SearchAction","target":{"@type":"EntryPoint","urlTemplate":"https://sonus.glazbenaudrugaopus.hr/?s={search_term_string}"},"query-input":{"@type":"PropertyValueSpecification","valueRequired":true,"valueName":"search_term_string"}}],"inLanguage":"en-GB"}]}</script>
<!-- / Yoast SEO plugin. -->

Marko Feri diplomirao je gitaru na Konzervatoriju Guiseppe Tartini u Trstu (Italija) 1990. godine, a potom pohađao majstorske seminare s Davidom Russellom, Manuelom Barruecom i Albertom Ponceom. Redovito nastupa na cijenjenim glazbenim festivalima u Europi (Italija, Slovenija, Hrvatska, Španjolska, Njemačka, Francuska, Rumunjska, Bosna i Hercegovina, Srbija, Crna Gora, Kosovo, Albanija, Austrija, Belgija, Švicarka i Mađarska),...
