{"id":15650,"date":"2025-01-08T15:27:11","date_gmt":"2025-01-08T14:27:11","guid":{"rendered":"https:\/\/sonus.glazbenaudrugaopus.hr\/?post_type=profile&#038;p=15650"},"modified":"2025-01-11T09:44:47","modified_gmt":"2025-01-11T08:44:47","slug":"katarina-krpan","status":"publish","type":"profile","link":"https:\/\/sonus.glazbenaudrugaopus.hr\/en\/blog\/profile\/katarina-krpan\/","title":{"rendered":"Katarina Krpan"},"content":{"rendered":"<div class=\"wp-block-image\">\n<figure class=\"aligncenter size-full\"><img loading=\"lazy\" decoding=\"async\" width=\"507\" height=\"632\" src=\"https:\/\/sonus.glazbenaudrugaopus.hr\/wp-content\/uploads\/Katarina-Krpan.png\" alt=\"\" class=\"wp-image-15652\" srcset=\"https:\/\/sonus.glazbenaudrugaopus.hr\/wp-content\/uploads\/Katarina-Krpan.png 507w, https:\/\/sonus.glazbenaudrugaopus.hr\/wp-content\/uploads\/Katarina-Krpan-10x12.png 10w\" sizes=\"auto, (max-width: 507px) 100vw, 507px\" \/><\/figure>\n<\/div>\n\n\n<p><strong>Katarina Krpan<\/strong> a pianist and professor, graduated and received her master\u2019s degree at the Academy of Music in Zagreb in the class of professor Vladimir Krpan. She continued her education and received her second master\u2019s degree at the University of music in Lausanne in the class of professor Jean-Fran\u00e7ois Antonioli. Her notable recitals, chamber music concerts, and performances with symphony and chamber ensembles, made her become one of the leading Croatian concert artists. Numerous invitations from renowned festivals as well as concerts held in major music centers in Europe, North and South America, Australia and Africa testify her international reputation. \n\n<br> She performed under the baton of the most prominent Croatian and world conductors, accompanied by the Zagreb Soloists, the Zagreb Philharmonic, the HRT Symphony Orchestra, and numerous foreign orchestras. The large sound archive of Katarina Krpan\u2019s performances comprises of numerous studio recordings at the most important Croatian, Swiss and Italian radio and TV stations, and several CDs recorded by domestic and foreign record companies.  \n\n<br> Alongside her intensive artistic career in the country and abroad, this artist has also developed a pedagogical career. In her work with young musicians, she has shown strong ability for the development of young musicians, paying special attention to their comprehensive education. Her studens are prize winners of many national and international competitions. \n\n<br> She has been a member of the EPTA (European Piano Teachers Association) since 1989. Under the auspices of this reputable international organization, she has, in the following years confirmed her abilities as the president of its Croatian youth branch. She is one of the founders of the International Piano Competition EPTA, held in Zagreb and Osijek since 1999, as well as the EPTA Summer School in Dubrovnik. \n\n<br> Krpan has an interest in the music of the 20th century and the work of Croatian composers. She premiered and recorded an impressive number of contemporary piano works, equally dedicated to her by talented beginners and doyens of Croatian music (Milko Kelemen, Berislav \u0160ipu\u0161, Mladen Tarbuk \u2026). She conveyed her belief in the necessity of improving national music to students, and in 2010 she founded HR PROJEKT, which brings together students of music schools and students of various departments of music academies. The aim of this project is to work on compositions by Croatian authors and perform them at concerts across the country and abroad. With the same goal, she is increasingly developing cooperation with the Croatian Music Youth. \n\n<br> The awards she has won so far confirm the value of her work. The Rector\u2019s Award, the Croatian Music Institute Award, the Ivo Vuljevi\u0107 Award of the Croatian Music Youth, the University Professors Club Award, the Mai Music Festival Award (France), the Vatroslav Lisinski Award of the Croatian Composers\u2019 Association, the Milka Trnina Award of the Croatian Music Society artist, Neven Award of St. Marco\u2019s Festival, the Plaque of the City of Zagreb. \n\n<br> In 1991, she formed piano duo with her father, Vladimir Krpan and this collaboration has resulted in a large number of concert performances with programs ranging from piano four-hands and two pianos, to performances in various formations and with numerous orchestras, as well as 4 CD\u2019s and one DVD release. . Since 2019, she has been working in the duo #kkkk with violinist Katarina Kutnar. The duo Kutnar\/Krpan was acclaimed with equal success by the audience and the critics. They won the Porin discography award for the best classical music album (Berislav \u0160ipu\u0161: Zajedno\/Together) in 2019, and for the album #KKKK Daydream in 2022, they were nominated in all categories of classical music. \n\n<br> She is the director of the Summer piano school at International Cultural Centre of Jeunesses Musicales Croatia\/JMI World Meeting Centre in Gro\u017enjan, Istria. She is a professor at the Music Academy of the University of Zagreb and the head of the Contemporary studies-piano department of the Music Academy-University of Zagreb. For many years, she also worked as a visiting professor at the Steinway Academy in Verona, Italy. \n\n<br> Katarina Krpan leads numerous international masterclasses worldwide and is a juror in many national and international competitions.<\/p>","protected":false},"excerpt":{"rendered":"<p>Katarina Krpan diplomirala je i magistrirala na Muzi\u010dkoj akademiji u Zagrebu u klasi prof. Vladimira Krpana, a usavr\u0161avala se i magistrirala na Conservatoire de Musique (Lausanne, \u0160vicarska) pod vodstvom prof. Jean-Fran\u00e7oisa Antoniolija. Prirediv\u0161i niz zapa\u017eenih recitala, nastupa uz simfonijske i komorne orkestre te ve\u010deri komorne glazbe, Katarina Krpan se zarana uvrstila me\u0111u vode\u0107e hrvatske koncertne&#8230;<\/p>","protected":false},"featured_media":15651,"menu_order":0,"template":"","meta":{"footnotes":""},"pl-categs":[],"class_list":["post-15650","profile","type-profile","status-publish","has-post-thumbnail","hentry"],"yoast_head":"<!-- This site is optimized with the Yoast SEO plugin v24.6 - https:\/\/yoast.com\/wordpress\/plugins\/seo\/ -->\n<title>Katarina Krpan - Sonus<\/title>\n<meta name=\"robots\" content=\"index, follow, max-snippet:-1, max-image-preview:large, max-video-preview:-1\" \/>\n<link rel=\"canonical\" href=\"https:\/\/sonus.glazbenaudrugaopus.hr\/en\/blog\/profile\/katarina-krpan\/\" \/>\n<meta property=\"og:locale\" content=\"en_GB\" \/>\n<meta property=\"og:type\" content=\"article\" \/>\n<meta property=\"og:title\" content=\"Katarina Krpan - Sonus\" \/>\n<meta property=\"og:description\" content=\"Katarina Krpan diplomirala je i magistrirala na Muzi\u010dkoj akademiji u Zagrebu u klasi prof. Vladimira Krpana, a usavr\u0161avala se i magistrirala na Conservatoire de Musique (Lausanne, \u0160vicarska) pod vodstvom prof. Jean-Fran\u00e7oisa Antoniolija. Prirediv\u0161i niz zapa\u017eenih recitala, nastupa uz simfonijske i komorne orkestre te ve\u010deri komorne glazbe, Katarina Krpan se zarana uvrstila me\u0111u vode\u0107e hrvatske koncertne...\" \/>\n<meta property=\"og:url\" content=\"https:\/\/sonus.glazbenaudrugaopus.hr\/en\/blog\/profile\/katarina-krpan\/\" \/>\n<meta property=\"og:site_name\" content=\"Sonus\" \/>\n<meta property=\"article:modified_time\" content=\"2025-01-11T08:44:47+00:00\" \/>\n<meta property=\"og:image\" content=\"https:\/\/sonus.glazbenaudrugaopus.hr\/wp-content\/uploads\/kk.jpg\" \/>\n\t<meta property=\"og:image:width\" content=\"200\" \/>\n\t<meta property=\"og:image:height\" content=\"300\" \/>\n\t<meta property=\"og:image:type\" content=\"image\/jpeg\" \/>\n<meta name=\"twitter:card\" content=\"summary_large_image\" \/>\n<meta name=\"twitter:label1\" content=\"Estimated reading time\" \/>\n\t<meta name=\"twitter:data1\" content=\"4 minutes\" \/>\n<script type=\"application\/ld+json\" class=\"yoast-schema-graph\">{\"@context\":\"https:\/\/schema.org\",\"@graph\":[{\"@type\":\"WebPage\",\"@id\":\"https:\/\/sonus.glazbenaudrugaopus.hr\/blog\/profile\/katarina-krpan\/\",\"url\":\"https:\/\/sonus.glazbenaudrugaopus.hr\/blog\/profile\/katarina-krpan\/\",\"name\":\"Katarina Krpan - Sonus\",\"isPartOf\":{\"@id\":\"https:\/\/sonus.glazbenaudrugaopus.hr\/#website\"},\"primaryImageOfPage\":{\"@id\":\"https:\/\/sonus.glazbenaudrugaopus.hr\/blog\/profile\/katarina-krpan\/#primaryimage\"},\"image\":{\"@id\":\"https:\/\/sonus.glazbenaudrugaopus.hr\/blog\/profile\/katarina-krpan\/#primaryimage\"},\"thumbnailUrl\":\"https:\/\/sonus.glazbenaudrugaopus.hr\/wp-content\/uploads\/kk.jpg\",\"datePublished\":\"2025-01-08T14:27:11+00:00\",\"dateModified\":\"2025-01-11T08:44:47+00:00\",\"breadcrumb\":{\"@id\":\"https:\/\/sonus.glazbenaudrugaopus.hr\/blog\/profile\/katarina-krpan\/#breadcrumb\"},\"inLanguage\":\"en-GB\",\"potentialAction\":[{\"@type\":\"ReadAction\",\"target\":[\"https:\/\/sonus.glazbenaudrugaopus.hr\/blog\/profile\/katarina-krpan\/\"]}]},{\"@type\":\"ImageObject\",\"inLanguage\":\"en-GB\",\"@id\":\"https:\/\/sonus.glazbenaudrugaopus.hr\/blog\/profile\/katarina-krpan\/#primaryimage\",\"url\":\"https:\/\/sonus.glazbenaudrugaopus.hr\/wp-content\/uploads\/kk.jpg\",\"contentUrl\":\"https:\/\/sonus.glazbenaudrugaopus.hr\/wp-content\/uploads\/kk.jpg\",\"width\":200,\"height\":300,\"caption\":\"Screenshot\"},{\"@type\":\"BreadcrumbList\",\"@id\":\"https:\/\/sonus.glazbenaudrugaopus.hr\/blog\/profile\/katarina-krpan\/#breadcrumb\",\"itemListElement\":[{\"@type\":\"ListItem\",\"position\":1,\"name\":\"Home\",\"item\":\"https:\/\/sonus.glazbenaudrugaopus.hr\/\"},{\"@type\":\"ListItem\",\"position\":2,\"name\":\"Profiles\",\"item\":\"http:\/\/sonus.glazbenaudrugaopus.hr\/en\/blog\/profile\/\"},{\"@type\":\"ListItem\",\"position\":3,\"name\":\"Katarina Krpan\"}]},{\"@type\":\"WebSite\",\"@id\":\"https:\/\/sonus.glazbenaudrugaopus.hr\/#website\",\"url\":\"https:\/\/sonus.glazbenaudrugaopus.hr\/\",\"name\":\"Sonus\",\"description\":\"glazbeno natjecanje sonus\",\"potentialAction\":[{\"@type\":\"SearchAction\",\"target\":{\"@type\":\"EntryPoint\",\"urlTemplate\":\"https:\/\/sonus.glazbenaudrugaopus.hr\/?s={search_term_string}\"},\"query-input\":{\"@type\":\"PropertyValueSpecification\",\"valueRequired\":true,\"valueName\":\"search_term_string\"}}],\"inLanguage\":\"en-GB\"}]}<\/script>\n<!-- \/ Yoast SEO plugin. -->","yoast_head_json":{"title":"Katarina Krpan - Sonus","robots":{"index":"index","follow":"follow","max-snippet":"max-snippet:-1","max-image-preview":"max-image-preview:large","max-video-preview":"max-video-preview:-1"},"canonical":"https:\/\/sonus.glazbenaudrugaopus.hr\/en\/blog\/profile\/katarina-krpan\/","og_locale":"en_GB","og_type":"article","og_title":"Katarina Krpan - Sonus","og_description":"Katarina Krpan diplomirala je i magistrirala na Muzi\u010dkoj akademiji u Zagrebu u klasi prof. Vladimira Krpana, a usavr\u0161avala se i magistrirala na Conservatoire de Musique (Lausanne, \u0160vicarska) pod vodstvom prof. Jean-Fran\u00e7oisa Antoniolija. Prirediv\u0161i niz zapa\u017eenih recitala, nastupa uz simfonijske i komorne orkestre te ve\u010deri komorne glazbe, Katarina Krpan se zarana uvrstila me\u0111u vode\u0107e hrvatske koncertne...","og_url":"https:\/\/sonus.glazbenaudrugaopus.hr\/en\/blog\/profile\/katarina-krpan\/","og_site_name":"Sonus","article_modified_time":"2025-01-11T08:44:47+00:00","og_image":[{"width":200,"height":300,"url":"https:\/\/sonus.glazbenaudrugaopus.hr\/wp-content\/uploads\/kk.jpg","type":"image\/jpeg"}],"twitter_card":"summary_large_image","twitter_misc":{"Estimated reading time":"4 minutes"},"schema":{"@context":"https:\/\/schema.org","@graph":[{"@type":"WebPage","@id":"https:\/\/sonus.glazbenaudrugaopus.hr\/blog\/profile\/katarina-krpan\/","url":"https:\/\/sonus.glazbenaudrugaopus.hr\/blog\/profile\/katarina-krpan\/","name":"Katarina Krpan - Sonus","isPartOf":{"@id":"https:\/\/sonus.glazbenaudrugaopus.hr\/#website"},"primaryImageOfPage":{"@id":"https:\/\/sonus.glazbenaudrugaopus.hr\/blog\/profile\/katarina-krpan\/#primaryimage"},"image":{"@id":"https:\/\/sonus.glazbenaudrugaopus.hr\/blog\/profile\/katarina-krpan\/#primaryimage"},"thumbnailUrl":"https:\/\/sonus.glazbenaudrugaopus.hr\/wp-content\/uploads\/kk.jpg","datePublished":"2025-01-08T14:27:11+00:00","dateModified":"2025-01-11T08:44:47+00:00","breadcrumb":{"@id":"https:\/\/sonus.glazbenaudrugaopus.hr\/blog\/profile\/katarina-krpan\/#breadcrumb"},"inLanguage":"en-GB","potentialAction":[{"@type":"ReadAction","target":["https:\/\/sonus.glazbenaudrugaopus.hr\/blog\/profile\/katarina-krpan\/"]}]},{"@type":"ImageObject","inLanguage":"en-GB","@id":"https:\/\/sonus.glazbenaudrugaopus.hr\/blog\/profile\/katarina-krpan\/#primaryimage","url":"https:\/\/sonus.glazbenaudrugaopus.hr\/wp-content\/uploads\/kk.jpg","contentUrl":"https:\/\/sonus.glazbenaudrugaopus.hr\/wp-content\/uploads\/kk.jpg","width":200,"height":300,"caption":"Screenshot"},{"@type":"BreadcrumbList","@id":"https:\/\/sonus.glazbenaudrugaopus.hr\/blog\/profile\/katarina-krpan\/#breadcrumb","itemListElement":[{"@type":"ListItem","position":1,"name":"Home","item":"https:\/\/sonus.glazbenaudrugaopus.hr\/"},{"@type":"ListItem","position":2,"name":"Profiles","item":"http:\/\/sonus.glazbenaudrugaopus.hr\/en\/blog\/profile\/"},{"@type":"ListItem","position":3,"name":"Katarina Krpan"}]},{"@type":"WebSite","@id":"https:\/\/sonus.glazbenaudrugaopus.hr\/#website","url":"https:\/\/sonus.glazbenaudrugaopus.hr\/","name":"Sonus","description":"glazbeno natjecanje sonus","potentialAction":[{"@type":"SearchAction","target":{"@type":"EntryPoint","urlTemplate":"https:\/\/sonus.glazbenaudrugaopus.hr\/?s={search_term_string}"},"query-input":{"@type":"PropertyValueSpecification","valueRequired":true,"valueName":"search_term_string"}}],"inLanguage":"en-GB"}]}},"_links":{"self":[{"href":"https:\/\/sonus.glazbenaudrugaopus.hr\/en\/wp-json\/wp\/v2\/profile\/15650","targetHints":{"allow":["GET"]}}],"collection":[{"href":"https:\/\/sonus.glazbenaudrugaopus.hr\/en\/wp-json\/wp\/v2\/profile"}],"about":[{"href":"https:\/\/sonus.glazbenaudrugaopus.hr\/en\/wp-json\/wp\/v2\/types\/profile"}],"version-history":[{"count":7,"href":"https:\/\/sonus.glazbenaudrugaopus.hr\/en\/wp-json\/wp\/v2\/profile\/15650\/revisions"}],"predecessor-version":[{"id":15690,"href":"https:\/\/sonus.glazbenaudrugaopus.hr\/en\/wp-json\/wp\/v2\/profile\/15650\/revisions\/15690"}],"wp:featuredmedia":[{"embeddable":true,"href":"https:\/\/sonus.glazbenaudrugaopus.hr\/en\/wp-json\/wp\/v2\/media\/15651"}],"wp:attachment":[{"href":"https:\/\/sonus.glazbenaudrugaopus.hr\/en\/wp-json\/wp\/v2\/media?parent=15650"}],"wp:term":[{"taxonomy":"pl-categs","embeddable":true,"href":"https:\/\/sonus.glazbenaudrugaopus.hr\/en\/wp-json\/wp\/v2\/pl-categs?post=15650"}],"curies":[{"name":"wp","href":"https:\/\/api.w.org\/{rel}","templated":true}]}}

<div class="wp-block-image">
<figure class="aligncenter size-full"><img loading="lazy" decoding="async" width="507" height="632" src="https://sonus.glazbenaudrugaopus.hr/wp-content/uploads/Katarina-Krpan.png" alt="" class="wp-image-15652" srcset="https://sonus.glazbenaudrugaopus.hr/wp-content/uploads/Katarina-Krpan.png 507w, https://sonus.glazbenaudrugaopus.hr/wp-content/uploads/Katarina-Krpan-10x12.png 10w" sizes="auto, (max-width: 507px) 100vw, 507px" /></figure>
</div>


<p><strong>Katarina Krpan</strong> a pianist and professor, graduated and received her master’s degree at the Academy of Music in Zagreb in the class of professor Vladimir Krpan. She continued her education and received her second master’s degree at the University of music in Lausanne in the class of professor Jean-François Antonioli. Her notable recitals, chamber music concerts, and performances with symphony and chamber ensembles, made her become one of the leading Croatian concert artists. Numerous invitations from renowned festivals as well as concerts held in major music centers in Europe, North and South America, Australia and Africa testify her international reputation. 

<br> She performed under the baton of the most prominent Croatian and world conductors, accompanied by the Zagreb Soloists, the Zagreb Philharmonic, the HRT Symphony Orchestra, and numerous foreign orchestras. The large sound archive of Katarina Krpan’s performances comprises of numerous studio recordings at the most important Croatian, Swiss and Italian radio and TV stations, and several CDs recorded by domestic and foreign record companies.  

<br> Alongside her intensive artistic career in the country and abroad, this artist has also developed a pedagogical career. In her work with young musicians, she has shown strong ability for the development of young musicians, paying special attention to their comprehensive education. Her studens are prize winners of many national and international competitions. 

<br> She has been a member of the EPTA (European Piano Teachers Association) since 1989. Under the auspices of this reputable international organization, she has, in the following years confirmed her abilities as the president of its Croatian youth branch. She is one of the founders of the International Piano Competition EPTA, held in Zagreb and Osijek since 1999, as well as the EPTA Summer School in Dubrovnik. 

<br> Krpan has an interest in the music of the 20th century and the work of Croatian composers. She premiered and recorded an impressive number of contemporary piano works, equally dedicated to her by talented beginners and doyens of Croatian music (Milko Kelemen, Berislav Šipuš, Mladen Tarbuk …). She conveyed her belief in the necessity of improving national music to students, and in 2010 she founded HR PROJEKT, which brings together students of music schools and students of various departments of music academies. The aim of this project is to work on compositions by Croatian authors and perform them at concerts across the country and abroad. With the same goal, she is increasingly developing cooperation with the Croatian Music Youth. 

<br> The awards she has won so far confirm the value of her work. The Rector’s Award, the Croatian Music Institute Award, the Ivo Vuljević Award of the Croatian Music Youth, the University Professors Club Award, the Mai Music Festival Award (France), the Vatroslav Lisinski Award of the Croatian Composers’ Association, the Milka Trnina Award of the Croatian Music Society artist, Neven Award of St. Marco’s Festival, the Plaque of the City of Zagreb. 

<br> In 1991, she formed piano duo with her father, Vladimir Krpan and this collaboration has resulted in a large number of concert performances with programs ranging from piano four-hands and two pianos, to performances in various formations and with numerous orchestras, as well as 4 CD’s and one DVD release. . Since 2019, she has been working in the duo #kkkk with violinist Katarina Kutnar. The duo Kutnar/Krpan was acclaimed with equal success by the audience and the critics. They won the Porin discography award for the best classical music album (Berislav Šipuš: Zajedno/Together) in 2019, and for the album #KKKK Daydream in 2022, they were nominated in all categories of classical music. 

<br> She is the director of the Summer piano school at International Cultural Centre of Jeunesses Musicales Croatia/JMI World Meeting Centre in Grožnjan, Istria. She is a professor at the Music Academy of the University of Zagreb and the head of the Contemporary studies-piano department of the Music Academy-University of Zagreb. For many years, she also worked as a visiting professor at the Steinway Academy in Verona, Italy. 

<br> Katarina Krpan leads numerous international masterclasses worldwide and is a juror in many national and international competitions.</p>

<p>Katarina Krpan diplomirala je i magistrirala na Muzičkoj akademiji u Zagrebu u klasi prof. Vladimira Krpana, a usavršavala se i magistrirala na Conservatoire de Musique (Lausanne, Švicarska) pod vodstvom prof. Jean-Françoisa Antoniolija. Priredivši niz zapaženih recitala, nastupa uz simfonijske i komorne orkestre te večeri komorne glazbe, Katarina Krpan se zarana uvrstila među vodeće hrvatske koncertne&#8230;</p>

<!-- This site is optimized with the Yoast SEO plugin v24.6 - https://yoast.com/wordpress/plugins/seo/ -->
<title>Katarina Krpan - Sonus</title>
<meta name="robots" content="index, follow, max-snippet:-1, max-image-preview:large, max-video-preview:-1" />
<link rel="canonical" href="https://sonus.glazbenaudrugaopus.hr/en/blog/profile/katarina-krpan/" />
<meta property="og:locale" content="en_GB" />
<meta property="og:type" content="article" />
<meta property="og:title" content="Katarina Krpan - Sonus" />
<meta property="og:description" content="Katarina Krpan diplomirala je i magistrirala na Muzičkoj akademiji u Zagrebu u klasi prof. Vladimira Krpana, a usavršavala se i magistrirala na Conservatoire de Musique (Lausanne, Švicarska) pod vodstvom prof. Jean-Françoisa Antoniolija. Priredivši niz zapaženih recitala, nastupa uz simfonijske i komorne orkestre te večeri komorne glazbe, Katarina Krpan se zarana uvrstila među vodeće hrvatske koncertne..." />
<meta property="og:url" content="https://sonus.glazbenaudrugaopus.hr/en/blog/profile/katarina-krpan/" />
<meta property="og:site_name" content="Sonus" />
<meta property="article:modified_time" content="2025-01-11T08:44:47+00:00" />
<meta property="og:image" content="https://sonus.glazbenaudrugaopus.hr/wp-content/uploads/kk.jpg" />
	<meta property="og:image:width" content="200" />
	<meta property="og:image:height" content="300" />
	<meta property="og:image:type" content="image/jpeg" />
<meta name="twitter:card" content="summary_large_image" />
<meta name="twitter:label1" content="Estimated reading time" />
	<meta name="twitter:data1" content="4 minutes" />
<script type="application/ld+json" class="yoast-schema-graph">{"@context":"https://schema.org","@graph":[{"@type":"WebPage","@id":"https://sonus.glazbenaudrugaopus.hr/blog/profile/katarina-krpan/","url":"https://sonus.glazbenaudrugaopus.hr/blog/profile/katarina-krpan/","name":"Katarina Krpan - Sonus","isPartOf":{"@id":"https://sonus.glazbenaudrugaopus.hr/#website"},"primaryImageOfPage":{"@id":"https://sonus.glazbenaudrugaopus.hr/blog/profile/katarina-krpan/#primaryimage"},"image":{"@id":"https://sonus.glazbenaudrugaopus.hr/blog/profile/katarina-krpan/#primaryimage"},"thumbnailUrl":"https://sonus.glazbenaudrugaopus.hr/wp-content/uploads/kk.jpg","datePublished":"2025-01-08T14:27:11+00:00","dateModified":"2025-01-11T08:44:47+00:00","breadcrumb":{"@id":"https://sonus.glazbenaudrugaopus.hr/blog/profile/katarina-krpan/#breadcrumb"},"inLanguage":"en-GB","potentialAction":[{"@type":"ReadAction","target":["https://sonus.glazbenaudrugaopus.hr/blog/profile/katarina-krpan/"]}]},{"@type":"ImageObject","inLanguage":"en-GB","@id":"https://sonus.glazbenaudrugaopus.hr/blog/profile/katarina-krpan/#primaryimage","url":"https://sonus.glazbenaudrugaopus.hr/wp-content/uploads/kk.jpg","contentUrl":"https://sonus.glazbenaudrugaopus.hr/wp-content/uploads/kk.jpg","width":200,"height":300,"caption":"Screenshot"},{"@type":"BreadcrumbList","@id":"https://sonus.glazbenaudrugaopus.hr/blog/profile/katarina-krpan/#breadcrumb","itemListElement":[{"@type":"ListItem","position":1,"name":"Home","item":"https://sonus.glazbenaudrugaopus.hr/"},{"@type":"ListItem","position":2,"name":"Profiles","item":"http://sonus.glazbenaudrugaopus.hr/en/blog/profile/"},{"@type":"ListItem","position":3,"name":"Katarina Krpan"}]},{"@type":"WebSite","@id":"https://sonus.glazbenaudrugaopus.hr/#website","url":"https://sonus.glazbenaudrugaopus.hr/","name":"Sonus","description":"glazbeno natjecanje sonus","potentialAction":[{"@type":"SearchAction","target":{"@type":"EntryPoint","urlTemplate":"https://sonus.glazbenaudrugaopus.hr/?s={search_term_string}"},"query-input":{"@type":"PropertyValueSpecification","valueRequired":true,"valueName":"search_term_string"}}],"inLanguage":"en-GB"}]}</script>
<!-- / Yoast SEO plugin. -->

Katarina Krpan diplomirala je i magistrirala na Muzičkoj akademiji u Zagrebu u klasi prof. Vladimira Krpana, a usavršavala se i magistrirala na Conservatoire de Musique (Lausanne, Švicarska) pod vodstvom prof. Jean-Françoisa Antoniolija. Priredivši niz zapaženih recitala, nastupa uz simfonijske i komorne orkestre te večeri komorne glazbe, Katarina Krpan se zarana uvrstila među vodeće hrvatske koncertne...
