{"id":15657,"date":"2025-01-09T12:03:26","date_gmt":"2025-01-09T11:03:26","guid":{"rendered":"https:\/\/sonus.glazbenaudrugaopus.hr\/?post_type=profile&#038;p=15657"},"modified":"2025-01-11T10:03:49","modified_gmt":"2025-01-11T09:03:49","slug":"tihana-ivankovic","status":"publish","type":"profile","link":"https:\/\/sonus.glazbenaudrugaopus.hr\/en\/blog\/profile\/tihana-ivankovic\/","title":{"rendered":"Tihana Ivankovi\u0107"},"content":{"rendered":"<div class=\"wp-block-image\">\n<figure class=\"aligncenter size-cmsmasters-project-masonry-thumb is-resized\"><img loading=\"lazy\" decoding=\"async\" width=\"580\" height=\"870\" src=\"https:\/\/sonus.glazbenaudrugaopus.hr\/wp-content\/uploads\/Tihana-Ivankovic-fotografija-580x870.jpg\" alt=\"\" class=\"wp-image-15658\" style=\"width:291px;height:auto\" srcset=\"https:\/\/sonus.glazbenaudrugaopus.hr\/wp-content\/uploads\/Tihana-Ivankovic-fotografija-580x870.jpg 580w, https:\/\/sonus.glazbenaudrugaopus.hr\/wp-content\/uploads\/Tihana-Ivankovic-fotografija-768x1151.jpg 768w, https:\/\/sonus.glazbenaudrugaopus.hr\/wp-content\/uploads\/Tihana-Ivankovic-fotografija-1025x1536.jpg 1025w, https:\/\/sonus.glazbenaudrugaopus.hr\/wp-content\/uploads\/Tihana-Ivankovic-fotografija-8x12.jpg 8w, https:\/\/sonus.glazbenaudrugaopus.hr\/wp-content\/uploads\/Tihana-Ivankovic-fotografija-860x1289.jpg 860w, https:\/\/sonus.glazbenaudrugaopus.hr\/wp-content\/uploads\/Tihana-Ivankovic-fotografija-1160x1739.jpg 1160w, https:\/\/sonus.glazbenaudrugaopus.hr\/wp-content\/uploads\/Tihana-Ivankovic-fotografija.jpg 1334w\" sizes=\"auto, (max-width: 580px) 100vw, 580px\" \/><\/figure>\n<\/div>\n\n\n<p><strong>Tihana Ivankovi\u0107<\/strong> enrolled in the Franjo Kuha\u010d Music School in Osijek at the age of 13. In 1998, she completed her diploma in piano at the Zagreb Academy of Music, Osijek branch, under the guidance of Associate Professor Damir Seko\u0161an with excellent grades. Since then, she has dedicated herself exclusively to teaching at the Franjo Kuha\u010d Music School in Osijek, and for several years also at elementary music schools in Valpovo and her hometown of Beli\u0161\u0107e. For a few years, she worked as an external collaborator for piano obbligato at the Academy of Arts and Culture in Osijek and provided mentoring to piano students from the same academy.\n\n<br> From the very beginning of her work with her students, she has regularly participated in national and international competitions where she has won high awards and prepared her students for very significant performances in Osijek, Zagreb, Novi Sad, etc. Many of her students have continued their musical journey and are today very active young teachers throughout the country.\n\n<br> Since the 2020\/2021 school year, she has been the head of the Inter-County Professional Council of Piano Teachers in Eastern Croatia and has developed intensive cooperation with other piano experts throughout the country and abroad. In a desire to empower young musicians and their teachers in schools in the surrounding area and eastern Croatia, she started organizing the competitive Inter-County Festival Dolce piano in Beli\u0161\u0107e in 2017. As the successor of Damir Seko\u0161an's piano school, exactly 100 years after the opening of the first music school in Osijek, together with her enthusiastic colleagues, she initiated the Damir Seko\u0161an Competition for Young Pianists.\n\n<br> Since 2023, she has been involved in the launch and organization of the International Piano School KlavOs. She is a regular member of the organizing committee of the Darko Luki\u0107 Memorial in Osijek. \n<br> In 2021, the Agency for Education and Education promoted her to the rank of excellent advisor. For two consecutive years, she has received the Ministry of Science, Education and Youth award for the best educational workers.\n\n<br> Of all the competitions and organizations, she still finds the work with a student in a piano classroom the most precious.<\/p>","protected":false},"excerpt":{"rendered":"<p>Tihana Ivankovi\u0107 Glazbenu \u0161kolu Franje Kuha\u010da Osijek upisuje s 13 godina. 1998. godine zavr\u0161ava diplomski studij klavira Muzi\u010dke akademije Zagreb \u00a0na podru\u010dnom odsjeku u Osijeku u klasi izv. prof. Damira Seko\u0161ana s odli\u010dnim ocjenama. Od tada je posve\u0107ena isklju\u010divo pedago\u0161kom radu u glazbenoj \u0161koli Franje Kuha\u010da u Osijeku, te nekoliko godina i u osnovnoj glazbenoj&#8230;<\/p>","protected":false},"featured_media":15658,"menu_order":0,"template":"","meta":{"footnotes":""},"pl-categs":[],"class_list":["post-15657","profile","type-profile","status-publish","has-post-thumbnail","hentry"],"yoast_head":"<!-- This site is optimized with the Yoast SEO plugin v24.6 - https:\/\/yoast.com\/wordpress\/plugins\/seo\/ -->\n<title>Tihana Ivankovi\u0107 - Sonus<\/title>\n<meta name=\"robots\" content=\"index, follow, max-snippet:-1, max-image-preview:large, max-video-preview:-1\" \/>\n<link rel=\"canonical\" href=\"https:\/\/sonus.glazbenaudrugaopus.hr\/en\/blog\/profile\/tihana-ivankovic\/\" \/>\n<meta property=\"og:locale\" content=\"en_GB\" \/>\n<meta property=\"og:type\" content=\"article\" \/>\n<meta property=\"og:title\" content=\"Tihana Ivankovi\u0107 - Sonus\" \/>\n<meta property=\"og:description\" content=\"Tihana Ivankovi\u0107 Glazbenu \u0161kolu Franje Kuha\u010da Osijek upisuje s 13 godina. 1998. godine zavr\u0161ava diplomski studij klavira Muzi\u010dke akademije Zagreb \u00a0na podru\u010dnom odsjeku u Osijeku u klasi izv. prof. Damira Seko\u0161ana s odli\u010dnim ocjenama. Od tada je posve\u0107ena isklju\u010divo pedago\u0161kom radu u glazbenoj \u0161koli Franje Kuha\u010da u Osijeku, te nekoliko godina i u osnovnoj glazbenoj...\" \/>\n<meta property=\"og:url\" content=\"https:\/\/sonus.glazbenaudrugaopus.hr\/en\/blog\/profile\/tihana-ivankovic\/\" \/>\n<meta property=\"og:site_name\" content=\"Sonus\" \/>\n<meta property=\"article:modified_time\" content=\"2025-01-11T09:03:49+00:00\" \/>\n<meta property=\"og:image\" content=\"https:\/\/sonus.glazbenaudrugaopus.hr\/wp-content\/uploads\/Tihana-Ivankovic-fotografija.jpg\" \/>\n\t<meta property=\"og:image:width\" content=\"1334\" \/>\n\t<meta property=\"og:image:height\" content=\"2000\" \/>\n\t<meta property=\"og:image:type\" content=\"image\/jpeg\" \/>\n<meta name=\"twitter:card\" content=\"summary_large_image\" \/>\n<meta name=\"twitter:label1\" content=\"Estimated reading time\" \/>\n\t<meta name=\"twitter:data1\" content=\"2 minutes\" \/>\n<script type=\"application\/ld+json\" class=\"yoast-schema-graph\">{\"@context\":\"https:\/\/schema.org\",\"@graph\":[{\"@type\":\"WebPage\",\"@id\":\"https:\/\/sonus.glazbenaudrugaopus.hr\/blog\/profile\/tihana-ivankovic\/\",\"url\":\"https:\/\/sonus.glazbenaudrugaopus.hr\/blog\/profile\/tihana-ivankovic\/\",\"name\":\"Tihana Ivankovi\u0107 - Sonus\",\"isPartOf\":{\"@id\":\"https:\/\/sonus.glazbenaudrugaopus.hr\/#website\"},\"primaryImageOfPage\":{\"@id\":\"https:\/\/sonus.glazbenaudrugaopus.hr\/blog\/profile\/tihana-ivankovic\/#primaryimage\"},\"image\":{\"@id\":\"https:\/\/sonus.glazbenaudrugaopus.hr\/blog\/profile\/tihana-ivankovic\/#primaryimage\"},\"thumbnailUrl\":\"https:\/\/sonus.glazbenaudrugaopus.hr\/wp-content\/uploads\/Tihana-Ivankovic-fotografija.jpg\",\"datePublished\":\"2025-01-09T11:03:26+00:00\",\"dateModified\":\"2025-01-11T09:03:49+00:00\",\"breadcrumb\":{\"@id\":\"https:\/\/sonus.glazbenaudrugaopus.hr\/blog\/profile\/tihana-ivankovic\/#breadcrumb\"},\"inLanguage\":\"en-GB\",\"potentialAction\":[{\"@type\":\"ReadAction\",\"target\":[\"https:\/\/sonus.glazbenaudrugaopus.hr\/blog\/profile\/tihana-ivankovic\/\"]}]},{\"@type\":\"ImageObject\",\"inLanguage\":\"en-GB\",\"@id\":\"https:\/\/sonus.glazbenaudrugaopus.hr\/blog\/profile\/tihana-ivankovic\/#primaryimage\",\"url\":\"https:\/\/sonus.glazbenaudrugaopus.hr\/wp-content\/uploads\/Tihana-Ivankovic-fotografija.jpg\",\"contentUrl\":\"https:\/\/sonus.glazbenaudrugaopus.hr\/wp-content\/uploads\/Tihana-Ivankovic-fotografija.jpg\",\"width\":1334,\"height\":2000},{\"@type\":\"BreadcrumbList\",\"@id\":\"https:\/\/sonus.glazbenaudrugaopus.hr\/blog\/profile\/tihana-ivankovic\/#breadcrumb\",\"itemListElement\":[{\"@type\":\"ListItem\",\"position\":1,\"name\":\"Home\",\"item\":\"https:\/\/sonus.glazbenaudrugaopus.hr\/\"},{\"@type\":\"ListItem\",\"position\":2,\"name\":\"Profiles\",\"item\":\"http:\/\/sonus.glazbenaudrugaopus.hr\/en\/blog\/profile\/\"},{\"@type\":\"ListItem\",\"position\":3,\"name\":\"Tihana Ivankovi\u0107\"}]},{\"@type\":\"WebSite\",\"@id\":\"https:\/\/sonus.glazbenaudrugaopus.hr\/#website\",\"url\":\"https:\/\/sonus.glazbenaudrugaopus.hr\/\",\"name\":\"Sonus\",\"description\":\"glazbeno natjecanje sonus\",\"potentialAction\":[{\"@type\":\"SearchAction\",\"target\":{\"@type\":\"EntryPoint\",\"urlTemplate\":\"https:\/\/sonus.glazbenaudrugaopus.hr\/?s={search_term_string}\"},\"query-input\":{\"@type\":\"PropertyValueSpecification\",\"valueRequired\":true,\"valueName\":\"search_term_string\"}}],\"inLanguage\":\"en-GB\"}]}<\/script>\n<!-- \/ Yoast SEO plugin. -->","yoast_head_json":{"title":"Tihana Ivankovi\u0107 - Sonus","robots":{"index":"index","follow":"follow","max-snippet":"max-snippet:-1","max-image-preview":"max-image-preview:large","max-video-preview":"max-video-preview:-1"},"canonical":"https:\/\/sonus.glazbenaudrugaopus.hr\/en\/blog\/profile\/tihana-ivankovic\/","og_locale":"en_GB","og_type":"article","og_title":"Tihana Ivankovi\u0107 - Sonus","og_description":"Tihana Ivankovi\u0107 Glazbenu \u0161kolu Franje Kuha\u010da Osijek upisuje s 13 godina. 1998. godine zavr\u0161ava diplomski studij klavira Muzi\u010dke akademije Zagreb \u00a0na podru\u010dnom odsjeku u Osijeku u klasi izv. prof. Damira Seko\u0161ana s odli\u010dnim ocjenama. Od tada je posve\u0107ena isklju\u010divo pedago\u0161kom radu u glazbenoj \u0161koli Franje Kuha\u010da u Osijeku, te nekoliko godina i u osnovnoj glazbenoj...","og_url":"https:\/\/sonus.glazbenaudrugaopus.hr\/en\/blog\/profile\/tihana-ivankovic\/","og_site_name":"Sonus","article_modified_time":"2025-01-11T09:03:49+00:00","og_image":[{"width":1334,"height":2000,"url":"https:\/\/sonus.glazbenaudrugaopus.hr\/wp-content\/uploads\/Tihana-Ivankovic-fotografija.jpg","type":"image\/jpeg"}],"twitter_card":"summary_large_image","twitter_misc":{"Estimated reading time":"2 minutes"},"schema":{"@context":"https:\/\/schema.org","@graph":[{"@type":"WebPage","@id":"https:\/\/sonus.glazbenaudrugaopus.hr\/blog\/profile\/tihana-ivankovic\/","url":"https:\/\/sonus.glazbenaudrugaopus.hr\/blog\/profile\/tihana-ivankovic\/","name":"Tihana Ivankovi\u0107 - Sonus","isPartOf":{"@id":"https:\/\/sonus.glazbenaudrugaopus.hr\/#website"},"primaryImageOfPage":{"@id":"https:\/\/sonus.glazbenaudrugaopus.hr\/blog\/profile\/tihana-ivankovic\/#primaryimage"},"image":{"@id":"https:\/\/sonus.glazbenaudrugaopus.hr\/blog\/profile\/tihana-ivankovic\/#primaryimage"},"thumbnailUrl":"https:\/\/sonus.glazbenaudrugaopus.hr\/wp-content\/uploads\/Tihana-Ivankovic-fotografija.jpg","datePublished":"2025-01-09T11:03:26+00:00","dateModified":"2025-01-11T09:03:49+00:00","breadcrumb":{"@id":"https:\/\/sonus.glazbenaudrugaopus.hr\/blog\/profile\/tihana-ivankovic\/#breadcrumb"},"inLanguage":"en-GB","potentialAction":[{"@type":"ReadAction","target":["https:\/\/sonus.glazbenaudrugaopus.hr\/blog\/profile\/tihana-ivankovic\/"]}]},{"@type":"ImageObject","inLanguage":"en-GB","@id":"https:\/\/sonus.glazbenaudrugaopus.hr\/blog\/profile\/tihana-ivankovic\/#primaryimage","url":"https:\/\/sonus.glazbenaudrugaopus.hr\/wp-content\/uploads\/Tihana-Ivankovic-fotografija.jpg","contentUrl":"https:\/\/sonus.glazbenaudrugaopus.hr\/wp-content\/uploads\/Tihana-Ivankovic-fotografija.jpg","width":1334,"height":2000},{"@type":"BreadcrumbList","@id":"https:\/\/sonus.glazbenaudrugaopus.hr\/blog\/profile\/tihana-ivankovic\/#breadcrumb","itemListElement":[{"@type":"ListItem","position":1,"name":"Home","item":"https:\/\/sonus.glazbenaudrugaopus.hr\/"},{"@type":"ListItem","position":2,"name":"Profiles","item":"http:\/\/sonus.glazbenaudrugaopus.hr\/en\/blog\/profile\/"},{"@type":"ListItem","position":3,"name":"Tihana Ivankovi\u0107"}]},{"@type":"WebSite","@id":"https:\/\/sonus.glazbenaudrugaopus.hr\/#website","url":"https:\/\/sonus.glazbenaudrugaopus.hr\/","name":"Sonus","description":"glazbeno natjecanje sonus","potentialAction":[{"@type":"SearchAction","target":{"@type":"EntryPoint","urlTemplate":"https:\/\/sonus.glazbenaudrugaopus.hr\/?s={search_term_string}"},"query-input":{"@type":"PropertyValueSpecification","valueRequired":true,"valueName":"search_term_string"}}],"inLanguage":"en-GB"}]}},"_links":{"self":[{"href":"https:\/\/sonus.glazbenaudrugaopus.hr\/en\/wp-json\/wp\/v2\/profile\/15657","targetHints":{"allow":["GET"]}}],"collection":[{"href":"https:\/\/sonus.glazbenaudrugaopus.hr\/en\/wp-json\/wp\/v2\/profile"}],"about":[{"href":"https:\/\/sonus.glazbenaudrugaopus.hr\/en\/wp-json\/wp\/v2\/types\/profile"}],"version-history":[{"count":3,"href":"https:\/\/sonus.glazbenaudrugaopus.hr\/en\/wp-json\/wp\/v2\/profile\/15657\/revisions"}],"predecessor-version":[{"id":15695,"href":"https:\/\/sonus.glazbenaudrugaopus.hr\/en\/wp-json\/wp\/v2\/profile\/15657\/revisions\/15695"}],"wp:featuredmedia":[{"embeddable":true,"href":"https:\/\/sonus.glazbenaudrugaopus.hr\/en\/wp-json\/wp\/v2\/media\/15658"}],"wp:attachment":[{"href":"https:\/\/sonus.glazbenaudrugaopus.hr\/en\/wp-json\/wp\/v2\/media?parent=15657"}],"wp:term":[{"taxonomy":"pl-categs","embeddable":true,"href":"https:\/\/sonus.glazbenaudrugaopus.hr\/en\/wp-json\/wp\/v2\/pl-categs?post=15657"}],"curies":[{"name":"wp","href":"https:\/\/api.w.org\/{rel}","templated":true}]}}

Tihana Ivanković

<div class="wp-block-image">
<figure class="aligncenter size-cmsmasters-project-masonry-thumb is-resized"><img loading="lazy" decoding="async" width="580" height="870" src="https://sonus.glazbenaudrugaopus.hr/wp-content/uploads/Tihana-Ivankovic-fotografija-580x870.jpg" alt="" class="wp-image-15658" style="width:291px;height:auto" srcset="https://sonus.glazbenaudrugaopus.hr/wp-content/uploads/Tihana-Ivankovic-fotografija-580x870.jpg 580w, https://sonus.glazbenaudrugaopus.hr/wp-content/uploads/Tihana-Ivankovic-fotografija-768x1151.jpg 768w, https://sonus.glazbenaudrugaopus.hr/wp-content/uploads/Tihana-Ivankovic-fotografija-1025x1536.jpg 1025w, https://sonus.glazbenaudrugaopus.hr/wp-content/uploads/Tihana-Ivankovic-fotografija-8x12.jpg 8w, https://sonus.glazbenaudrugaopus.hr/wp-content/uploads/Tihana-Ivankovic-fotografija-860x1289.jpg 860w, https://sonus.glazbenaudrugaopus.hr/wp-content/uploads/Tihana-Ivankovic-fotografija-1160x1739.jpg 1160w, https://sonus.glazbenaudrugaopus.hr/wp-content/uploads/Tihana-Ivankovic-fotografija.jpg 1334w" sizes="auto, (max-width: 580px) 100vw, 580px" /></figure>
</div>


<p><strong>Tihana Ivanković</strong> enrolled in the Franjo Kuhač Music School in Osijek at the age of 13. In 1998, she completed her diploma in piano at the Zagreb Academy of Music, Osijek branch, under the guidance of Associate Professor Damir Sekošan with excellent grades. Since then, she has dedicated herself exclusively to teaching at the Franjo Kuhač Music School in Osijek, and for several years also at elementary music schools in Valpovo and her hometown of Belišće. For a few years, she worked as an external collaborator for piano obbligato at the Academy of Arts and Culture in Osijek and provided mentoring to piano students from the same academy.

<br> From the very beginning of her work with her students, she has regularly participated in national and international competitions where she has won high awards and prepared her students for very significant performances in Osijek, Zagreb, Novi Sad, etc. Many of her students have continued their musical journey and are today very active young teachers throughout the country.

<br> Since the 2020/2021 school year, she has been the head of the Inter-County Professional Council of Piano Teachers in Eastern Croatia and has developed intensive cooperation with other piano experts throughout the country and abroad. In a desire to empower young musicians and their teachers in schools in the surrounding area and eastern Croatia, she started organizing the competitive Inter-County Festival Dolce piano in Belišće in 2017. As the successor of Damir Sekošan's piano school, exactly 100 years after the opening of the first music school in Osijek, together with her enthusiastic colleagues, she initiated the Damir Sekošan Competition for Young Pianists.

<br> Since 2023, she has been involved in the launch and organization of the International Piano School KlavOs. She is a regular member of the organizing committee of the Darko Lukić Memorial in Osijek. 
<br> In 2021, the Agency for Education and Education promoted her to the rank of excellent advisor. For two consecutive years, she has received the Ministry of Science, Education and Youth award for the best educational workers.

<br> Of all the competitions and organizations, she still finds the work with a student in a piano classroom the most precious.</p>

<p>Tihana Ivanković Glazbenu školu Franje Kuhača Osijek upisuje s 13 godina. 1998. godine završava diplomski studij klavira Muzičke akademije Zagreb  na područnom odsjeku u Osijeku u klasi izv. prof. Damira Sekošana s odličnim ocjenama. Od tada je posvećena isključivo pedagoškom radu u glazbenoj školi Franje Kuhača u Osijeku, te nekoliko godina i u osnovnoj glazbenoj&#8230;</p>

<!-- This site is optimized with the Yoast SEO plugin v24.6 - https://yoast.com/wordpress/plugins/seo/ -->
<title>Tihana Ivanković - Sonus</title>
<meta name="robots" content="index, follow, max-snippet:-1, max-image-preview:large, max-video-preview:-1" />
<link rel="canonical" href="https://sonus.glazbenaudrugaopus.hr/en/blog/profile/tihana-ivankovic/" />
<meta property="og:locale" content="en_GB" />
<meta property="og:type" content="article" />
<meta property="og:title" content="Tihana Ivanković - Sonus" />
<meta property="og:description" content="Tihana Ivanković Glazbenu školu Franje Kuhača Osijek upisuje s 13 godina. 1998. godine završava diplomski studij klavira Muzičke akademije Zagreb  na područnom odsjeku u Osijeku u klasi izv. prof. Damira Sekošana s odličnim ocjenama. Od tada je posvećena isključivo pedagoškom radu u glazbenoj školi Franje Kuhača u Osijeku, te nekoliko godina i u osnovnoj glazbenoj..." />
<meta property="og:url" content="https://sonus.glazbenaudrugaopus.hr/en/blog/profile/tihana-ivankovic/" />
<meta property="og:site_name" content="Sonus" />
<meta property="article:modified_time" content="2025-01-11T09:03:49+00:00" />
<meta property="og:image" content="https://sonus.glazbenaudrugaopus.hr/wp-content/uploads/Tihana-Ivankovic-fotografija.jpg" />
	<meta property="og:image:width" content="1334" />
	<meta property="og:image:height" content="2000" />
	<meta property="og:image:type" content="image/jpeg" />
<meta name="twitter:card" content="summary_large_image" />
<meta name="twitter:label1" content="Estimated reading time" />
	<meta name="twitter:data1" content="2 minutes" />
<script type="application/ld+json" class="yoast-schema-graph">{"@context":"https://schema.org","@graph":[{"@type":"WebPage","@id":"https://sonus.glazbenaudrugaopus.hr/blog/profile/tihana-ivankovic/","url":"https://sonus.glazbenaudrugaopus.hr/blog/profile/tihana-ivankovic/","name":"Tihana Ivanković - Sonus","isPartOf":{"@id":"https://sonus.glazbenaudrugaopus.hr/#website"},"primaryImageOfPage":{"@id":"https://sonus.glazbenaudrugaopus.hr/blog/profile/tihana-ivankovic/#primaryimage"},"image":{"@id":"https://sonus.glazbenaudrugaopus.hr/blog/profile/tihana-ivankovic/#primaryimage"},"thumbnailUrl":"https://sonus.glazbenaudrugaopus.hr/wp-content/uploads/Tihana-Ivankovic-fotografija.jpg","datePublished":"2025-01-09T11:03:26+00:00","dateModified":"2025-01-11T09:03:49+00:00","breadcrumb":{"@id":"https://sonus.glazbenaudrugaopus.hr/blog/profile/tihana-ivankovic/#breadcrumb"},"inLanguage":"en-GB","potentialAction":[{"@type":"ReadAction","target":["https://sonus.glazbenaudrugaopus.hr/blog/profile/tihana-ivankovic/"]}]},{"@type":"ImageObject","inLanguage":"en-GB","@id":"https://sonus.glazbenaudrugaopus.hr/blog/profile/tihana-ivankovic/#primaryimage","url":"https://sonus.glazbenaudrugaopus.hr/wp-content/uploads/Tihana-Ivankovic-fotografija.jpg","contentUrl":"https://sonus.glazbenaudrugaopus.hr/wp-content/uploads/Tihana-Ivankovic-fotografija.jpg","width":1334,"height":2000},{"@type":"BreadcrumbList","@id":"https://sonus.glazbenaudrugaopus.hr/blog/profile/tihana-ivankovic/#breadcrumb","itemListElement":[{"@type":"ListItem","position":1,"name":"Home","item":"https://sonus.glazbenaudrugaopus.hr/"},{"@type":"ListItem","position":2,"name":"Profiles","item":"http://sonus.glazbenaudrugaopus.hr/en/blog/profile/"},{"@type":"ListItem","position":3,"name":"Tihana Ivanković"}]},{"@type":"WebSite","@id":"https://sonus.glazbenaudrugaopus.hr/#website","url":"https://sonus.glazbenaudrugaopus.hr/","name":"Sonus","description":"glazbeno natjecanje sonus","potentialAction":[{"@type":"SearchAction","target":{"@type":"EntryPoint","urlTemplate":"https://sonus.glazbenaudrugaopus.hr/?s={search_term_string}"},"query-input":{"@type":"PropertyValueSpecification","valueRequired":true,"valueName":"search_term_string"}}],"inLanguage":"en-GB"}]}</script>
<!-- / Yoast SEO plugin. -->

Tihana Ivanković - Sonus

Tihana Ivanković Glazbenu školu Franje Kuhača Osijek upisuje s 13 godina. 1998. godine završava diplomski studij klavira Muzičke akademije Zagreb  na područnom odsjeku u Osijeku u klasi izv. prof. Damira Sekošana s odličnim ocjenama. Od tada je posvećena isključivo pedagoškom radu u glazbenoj školi Franje Kuhača u Osijeku, te nekoliko godina i u osnovnoj glazbenoj...
