{"id":15660,"date":"2025-01-10T16:40:33","date_gmt":"2025-01-10T15:40:33","guid":{"rendered":"https:\/\/sonus.glazbenaudrugaopus.hr\/?post_type=profile&#038;p=15660"},"modified":"2025-01-11T17:56:27","modified_gmt":"2025-01-11T16:56:27","slug":"franjo-pecaric","status":"publish","type":"profile","link":"https:\/\/sonus.glazbenaudrugaopus.hr\/en\/blog\/profile\/franjo-pecaric\/","title":{"rendered":"Franjo Pe\u0107ari\u0107"},"content":{"rendered":"<div class=\"wp-block-image\">\n<figure class=\"aligncenter size-full is-resized\"><img loading=\"lazy\" decoding=\"async\" width=\"2560\" height=\"1707\" src=\"https:\/\/sonus.glazbenaudrugaopus.hr\/wp-content\/uploads\/Pecaric-Franjo-fotografija-scaled.jpg\" alt=\"\" class=\"wp-image-15661\" style=\"width:566px;height:auto\" srcset=\"https:\/\/sonus.glazbenaudrugaopus.hr\/wp-content\/uploads\/Pecaric-Franjo-fotografija-scaled.jpg 2560w, https:\/\/sonus.glazbenaudrugaopus.hr\/wp-content\/uploads\/Pecaric-Franjo-fotografija-768x512.jpg 768w, https:\/\/sonus.glazbenaudrugaopus.hr\/wp-content\/uploads\/Pecaric-Franjo-fotografija-1536x1024.jpg 1536w, https:\/\/sonus.glazbenaudrugaopus.hr\/wp-content\/uploads\/Pecaric-Franjo-fotografija-2048x1365.jpg 2048w, https:\/\/sonus.glazbenaudrugaopus.hr\/wp-content\/uploads\/Pecaric-Franjo-fotografija-18x12.jpg 18w, https:\/\/sonus.glazbenaudrugaopus.hr\/wp-content\/uploads\/Pecaric-Franjo-fotografija-580x387.jpg 580w, https:\/\/sonus.glazbenaudrugaopus.hr\/wp-content\/uploads\/Pecaric-Franjo-fotografija-860x573.jpg 860w, https:\/\/sonus.glazbenaudrugaopus.hr\/wp-content\/uploads\/Pecaric-Franjo-fotografija-1160x773.jpg 1160w\" sizes=\"auto, (max-width: 2560px) 100vw, 2560px\" \/><\/figure>\n<\/div>\n\n\n<p><strong>Franjo Pe\u0107ari\u0107<\/strong> (1995) was born in Vinkovci, where he completed his primary education. He graduated from the Alberto \u0160triga Music School in Kri\u017eevci in 2014, majoring in tambura and music theory. In the same year, he enrolled at the Academy of Music in Zagreb, majoring in Music Pedagogy. He graduated in Music Pedagogy in 2019 under the mentorship of senior lecturer Veljko Valentin \u0160korvaga, and in the same year, he also enrolled in the newly established integrated instrumental study program, majoring in tambura, from which he graduated in 2021. \n<br> During his musical education, as a soloist and member of various chamber ensembles, he won numerous first and second prizes at regional, national, and international competitions. \n<br> Since September 2018, he has been employed as a tambura teacher at the Fran Lhotka Music School in Sisak. He is a regular participant and lecturer at professional meetings for tambura teachers organized by the Agency for Education and Training and the Croatian Society of Tambura Pedagogues. \n<br> His students achieve remarkable results at national and international competitions. In 2023, he was promoted to the title of mentor professor.\n\nIn 2020, he founded the Ivan Goran Kova\u010di\u0107 City Tambura Orchestra in Sisak, where he works as a leader and conductor. \n<br> In 2021, Franjo Pe\u0107ari\u0107 made two significant contributions to the field of music. As a founder and member of the Zagreb Tambura Quartet, he enriched the Croatian music scene, and at the same time, he became a titular assistant at the Academy of Music in Zagreb, passing on his knowledge to future generations of musicians. \n<br> He also participates in the recording of two original sound carriers by Tomislav Uhlik and Tihomir Ranogajac. \n<br> From the academic year 2023\/2024, he has enrolled in doctoral studies in chamber music at the Academy of Arts in Novi Sad.<\/p>\n\n\n\n<p><\/p>","protected":false},"excerpt":{"rendered":"<p>Franjo Pe\u0107ari\u0107 (1995.) ro\u0111en je u Vinkovcima gdje zavr\u0161ava osnovno\u0161kolsko obrazovanje. Maturirao je u Glazbenoj \u0161koli Alberta \u0160trige u Kri\u017eevcima 2014. godine odjel tambure i teorijski odjel. Iste godine upisao je Muzi\u010dku akademiju u Zagrebu, smjer Glazbena pedagogija. Glazbenu pedagogiju diplomirao je 2019. godine pod mentorstvom v. pred. Veljka Valentina \u0160korvage, a iste godine je&#8230;<\/p>","protected":false},"featured_media":15661,"menu_order":0,"template":"","meta":{"footnotes":""},"pl-categs":[],"class_list":["post-15660","profile","type-profile","status-publish","has-post-thumbnail","hentry"],"yoast_head":"<!-- This site is optimized with the Yoast SEO plugin v24.6 - https:\/\/yoast.com\/wordpress\/plugins\/seo\/ -->\n<title>Franjo Pe\u0107ari\u0107 - Sonus<\/title>\n<meta name=\"robots\" content=\"index, follow, max-snippet:-1, max-image-preview:large, max-video-preview:-1\" \/>\n<link rel=\"canonical\" href=\"https:\/\/sonus.glazbenaudrugaopus.hr\/en\/blog\/profile\/franjo-pecaric\/\" \/>\n<meta property=\"og:locale\" content=\"en_GB\" \/>\n<meta property=\"og:type\" content=\"article\" \/>\n<meta property=\"og:title\" content=\"Franjo Pe\u0107ari\u0107 - Sonus\" \/>\n<meta property=\"og:description\" content=\"Franjo Pe\u0107ari\u0107 (1995.) ro\u0111en je u Vinkovcima gdje zavr\u0161ava osnovno\u0161kolsko obrazovanje. Maturirao je u Glazbenoj \u0161koli Alberta \u0160trige u Kri\u017eevcima 2014. godine odjel tambure i teorijski odjel. Iste godine upisao je Muzi\u010dku akademiju u Zagrebu, smjer Glazbena pedagogija. Glazbenu pedagogiju diplomirao je 2019. godine pod mentorstvom v. pred. Veljka Valentina \u0160korvage, a iste godine je...\" \/>\n<meta property=\"og:url\" content=\"https:\/\/sonus.glazbenaudrugaopus.hr\/en\/blog\/profile\/franjo-pecaric\/\" \/>\n<meta property=\"og:site_name\" content=\"Sonus\" \/>\n<meta property=\"article:modified_time\" content=\"2025-01-11T16:56:27+00:00\" \/>\n<meta property=\"og:image\" content=\"https:\/\/sonus.glazbenaudrugaopus.hr\/wp-content\/uploads\/Pecaric-Franjo-fotografija-scaled.jpg\" \/>\n\t<meta property=\"og:image:width\" content=\"2560\" \/>\n\t<meta property=\"og:image:height\" content=\"1707\" \/>\n\t<meta property=\"og:image:type\" content=\"image\/jpeg\" \/>\n<meta name=\"twitter:card\" content=\"summary_large_image\" \/>\n<meta name=\"twitter:label1\" content=\"Estimated reading time\" \/>\n\t<meta name=\"twitter:data1\" content=\"2 minutes\" \/>\n<script type=\"application\/ld+json\" class=\"yoast-schema-graph\">{\"@context\":\"https:\/\/schema.org\",\"@graph\":[{\"@type\":\"WebPage\",\"@id\":\"https:\/\/sonus.glazbenaudrugaopus.hr\/blog\/profile\/franjo-pecaric\/\",\"url\":\"https:\/\/sonus.glazbenaudrugaopus.hr\/blog\/profile\/franjo-pecaric\/\",\"name\":\"Franjo Pe\u0107ari\u0107 - Sonus\",\"isPartOf\":{\"@id\":\"https:\/\/sonus.glazbenaudrugaopus.hr\/#website\"},\"primaryImageOfPage\":{\"@id\":\"https:\/\/sonus.glazbenaudrugaopus.hr\/blog\/profile\/franjo-pecaric\/#primaryimage\"},\"image\":{\"@id\":\"https:\/\/sonus.glazbenaudrugaopus.hr\/blog\/profile\/franjo-pecaric\/#primaryimage\"},\"thumbnailUrl\":\"https:\/\/sonus.glazbenaudrugaopus.hr\/wp-content\/uploads\/Pecaric-Franjo-fotografija-scaled.jpg\",\"datePublished\":\"2025-01-10T15:40:33+00:00\",\"dateModified\":\"2025-01-11T16:56:27+00:00\",\"breadcrumb\":{\"@id\":\"https:\/\/sonus.glazbenaudrugaopus.hr\/blog\/profile\/franjo-pecaric\/#breadcrumb\"},\"inLanguage\":\"en-GB\",\"potentialAction\":[{\"@type\":\"ReadAction\",\"target\":[\"https:\/\/sonus.glazbenaudrugaopus.hr\/blog\/profile\/franjo-pecaric\/\"]}]},{\"@type\":\"ImageObject\",\"inLanguage\":\"en-GB\",\"@id\":\"https:\/\/sonus.glazbenaudrugaopus.hr\/blog\/profile\/franjo-pecaric\/#primaryimage\",\"url\":\"https:\/\/sonus.glazbenaudrugaopus.hr\/wp-content\/uploads\/Pecaric-Franjo-fotografija-scaled.jpg\",\"contentUrl\":\"https:\/\/sonus.glazbenaudrugaopus.hr\/wp-content\/uploads\/Pecaric-Franjo-fotografija-scaled.jpg\",\"width\":2560,\"height\":1707},{\"@type\":\"BreadcrumbList\",\"@id\":\"https:\/\/sonus.glazbenaudrugaopus.hr\/blog\/profile\/franjo-pecaric\/#breadcrumb\",\"itemListElement\":[{\"@type\":\"ListItem\",\"position\":1,\"name\":\"Home\",\"item\":\"https:\/\/sonus.glazbenaudrugaopus.hr\/\"},{\"@type\":\"ListItem\",\"position\":2,\"name\":\"Profiles\",\"item\":\"http:\/\/sonus.glazbenaudrugaopus.hr\/en\/blog\/profile\/\"},{\"@type\":\"ListItem\",\"position\":3,\"name\":\"Franjo Pe\u0107ari\u0107\"}]},{\"@type\":\"WebSite\",\"@id\":\"https:\/\/sonus.glazbenaudrugaopus.hr\/#website\",\"url\":\"https:\/\/sonus.glazbenaudrugaopus.hr\/\",\"name\":\"Sonus\",\"description\":\"glazbeno natjecanje sonus\",\"potentialAction\":[{\"@type\":\"SearchAction\",\"target\":{\"@type\":\"EntryPoint\",\"urlTemplate\":\"https:\/\/sonus.glazbenaudrugaopus.hr\/?s={search_term_string}\"},\"query-input\":{\"@type\":\"PropertyValueSpecification\",\"valueRequired\":true,\"valueName\":\"search_term_string\"}}],\"inLanguage\":\"en-GB\"}]}<\/script>\n<!-- \/ Yoast SEO plugin. -->","yoast_head_json":{"title":"Franjo Pe\u0107ari\u0107 - Sonus","robots":{"index":"index","follow":"follow","max-snippet":"max-snippet:-1","max-image-preview":"max-image-preview:large","max-video-preview":"max-video-preview:-1"},"canonical":"https:\/\/sonus.glazbenaudrugaopus.hr\/en\/blog\/profile\/franjo-pecaric\/","og_locale":"en_GB","og_type":"article","og_title":"Franjo Pe\u0107ari\u0107 - Sonus","og_description":"Franjo Pe\u0107ari\u0107 (1995.) ro\u0111en je u Vinkovcima gdje zavr\u0161ava osnovno\u0161kolsko obrazovanje. Maturirao je u Glazbenoj \u0161koli Alberta \u0160trige u Kri\u017eevcima 2014. godine odjel tambure i teorijski odjel. Iste godine upisao je Muzi\u010dku akademiju u Zagrebu, smjer Glazbena pedagogija. Glazbenu pedagogiju diplomirao je 2019. godine pod mentorstvom v. pred. Veljka Valentina \u0160korvage, a iste godine je...","og_url":"https:\/\/sonus.glazbenaudrugaopus.hr\/en\/blog\/profile\/franjo-pecaric\/","og_site_name":"Sonus","article_modified_time":"2025-01-11T16:56:27+00:00","og_image":[{"width":2560,"height":1707,"url":"https:\/\/sonus.glazbenaudrugaopus.hr\/wp-content\/uploads\/Pecaric-Franjo-fotografija-scaled.jpg","type":"image\/jpeg"}],"twitter_card":"summary_large_image","twitter_misc":{"Estimated reading time":"2 minutes"},"schema":{"@context":"https:\/\/schema.org","@graph":[{"@type":"WebPage","@id":"https:\/\/sonus.glazbenaudrugaopus.hr\/blog\/profile\/franjo-pecaric\/","url":"https:\/\/sonus.glazbenaudrugaopus.hr\/blog\/profile\/franjo-pecaric\/","name":"Franjo Pe\u0107ari\u0107 - Sonus","isPartOf":{"@id":"https:\/\/sonus.glazbenaudrugaopus.hr\/#website"},"primaryImageOfPage":{"@id":"https:\/\/sonus.glazbenaudrugaopus.hr\/blog\/profile\/franjo-pecaric\/#primaryimage"},"image":{"@id":"https:\/\/sonus.glazbenaudrugaopus.hr\/blog\/profile\/franjo-pecaric\/#primaryimage"},"thumbnailUrl":"https:\/\/sonus.glazbenaudrugaopus.hr\/wp-content\/uploads\/Pecaric-Franjo-fotografija-scaled.jpg","datePublished":"2025-01-10T15:40:33+00:00","dateModified":"2025-01-11T16:56:27+00:00","breadcrumb":{"@id":"https:\/\/sonus.glazbenaudrugaopus.hr\/blog\/profile\/franjo-pecaric\/#breadcrumb"},"inLanguage":"en-GB","potentialAction":[{"@type":"ReadAction","target":["https:\/\/sonus.glazbenaudrugaopus.hr\/blog\/profile\/franjo-pecaric\/"]}]},{"@type":"ImageObject","inLanguage":"en-GB","@id":"https:\/\/sonus.glazbenaudrugaopus.hr\/blog\/profile\/franjo-pecaric\/#primaryimage","url":"https:\/\/sonus.glazbenaudrugaopus.hr\/wp-content\/uploads\/Pecaric-Franjo-fotografija-scaled.jpg","contentUrl":"https:\/\/sonus.glazbenaudrugaopus.hr\/wp-content\/uploads\/Pecaric-Franjo-fotografija-scaled.jpg","width":2560,"height":1707},{"@type":"BreadcrumbList","@id":"https:\/\/sonus.glazbenaudrugaopus.hr\/blog\/profile\/franjo-pecaric\/#breadcrumb","itemListElement":[{"@type":"ListItem","position":1,"name":"Home","item":"https:\/\/sonus.glazbenaudrugaopus.hr\/"},{"@type":"ListItem","position":2,"name":"Profiles","item":"http:\/\/sonus.glazbenaudrugaopus.hr\/en\/blog\/profile\/"},{"@type":"ListItem","position":3,"name":"Franjo Pe\u0107ari\u0107"}]},{"@type":"WebSite","@id":"https:\/\/sonus.glazbenaudrugaopus.hr\/#website","url":"https:\/\/sonus.glazbenaudrugaopus.hr\/","name":"Sonus","description":"glazbeno natjecanje sonus","potentialAction":[{"@type":"SearchAction","target":{"@type":"EntryPoint","urlTemplate":"https:\/\/sonus.glazbenaudrugaopus.hr\/?s={search_term_string}"},"query-input":{"@type":"PropertyValueSpecification","valueRequired":true,"valueName":"search_term_string"}}],"inLanguage":"en-GB"}]}},"_links":{"self":[{"href":"https:\/\/sonus.glazbenaudrugaopus.hr\/en\/wp-json\/wp\/v2\/profile\/15660","targetHints":{"allow":["GET"]}}],"collection":[{"href":"https:\/\/sonus.glazbenaudrugaopus.hr\/en\/wp-json\/wp\/v2\/profile"}],"about":[{"href":"https:\/\/sonus.glazbenaudrugaopus.hr\/en\/wp-json\/wp\/v2\/types\/profile"}],"version-history":[{"count":3,"href":"https:\/\/sonus.glazbenaudrugaopus.hr\/en\/wp-json\/wp\/v2\/profile\/15660\/revisions"}],"predecessor-version":[{"id":15705,"href":"https:\/\/sonus.glazbenaudrugaopus.hr\/en\/wp-json\/wp\/v2\/profile\/15660\/revisions\/15705"}],"wp:featuredmedia":[{"embeddable":true,"href":"https:\/\/sonus.glazbenaudrugaopus.hr\/en\/wp-json\/wp\/v2\/media\/15661"}],"wp:attachment":[{"href":"https:\/\/sonus.glazbenaudrugaopus.hr\/en\/wp-json\/wp\/v2\/media?parent=15660"}],"wp:term":[{"taxonomy":"pl-categs","embeddable":true,"href":"https:\/\/sonus.glazbenaudrugaopus.hr\/en\/wp-json\/wp\/v2\/pl-categs?post=15660"}],"curies":[{"name":"wp","href":"https:\/\/api.w.org\/{rel}","templated":true}]}}

Franjo Pećarić

<div class="wp-block-image">
<figure class="aligncenter size-full is-resized"><img loading="lazy" decoding="async" width="2560" height="1707" src="https://sonus.glazbenaudrugaopus.hr/wp-content/uploads/Pecaric-Franjo-fotografija-scaled.jpg" alt="" class="wp-image-15661" style="width:566px;height:auto" srcset="https://sonus.glazbenaudrugaopus.hr/wp-content/uploads/Pecaric-Franjo-fotografija-scaled.jpg 2560w, https://sonus.glazbenaudrugaopus.hr/wp-content/uploads/Pecaric-Franjo-fotografija-768x512.jpg 768w, https://sonus.glazbenaudrugaopus.hr/wp-content/uploads/Pecaric-Franjo-fotografija-1536x1024.jpg 1536w, https://sonus.glazbenaudrugaopus.hr/wp-content/uploads/Pecaric-Franjo-fotografija-2048x1365.jpg 2048w, https://sonus.glazbenaudrugaopus.hr/wp-content/uploads/Pecaric-Franjo-fotografija-18x12.jpg 18w, https://sonus.glazbenaudrugaopus.hr/wp-content/uploads/Pecaric-Franjo-fotografija-580x387.jpg 580w, https://sonus.glazbenaudrugaopus.hr/wp-content/uploads/Pecaric-Franjo-fotografija-860x573.jpg 860w, https://sonus.glazbenaudrugaopus.hr/wp-content/uploads/Pecaric-Franjo-fotografija-1160x773.jpg 1160w" sizes="auto, (max-width: 2560px) 100vw, 2560px" /></figure>
</div>


<p><strong>Franjo Pećarić</strong> (1995) was born in Vinkovci, where he completed his primary education. He graduated from the Alberto Štriga Music School in Križevci in 2014, majoring in tambura and music theory. In the same year, he enrolled at the Academy of Music in Zagreb, majoring in Music Pedagogy. He graduated in Music Pedagogy in 2019 under the mentorship of senior lecturer Veljko Valentin Škorvaga, and in the same year, he also enrolled in the newly established integrated instrumental study program, majoring in tambura, from which he graduated in 2021. 
<br> During his musical education, as a soloist and member of various chamber ensembles, he won numerous first and second prizes at regional, national, and international competitions. 
<br> Since September 2018, he has been employed as a tambura teacher at the Fran Lhotka Music School in Sisak. He is a regular participant and lecturer at professional meetings for tambura teachers organized by the Agency for Education and Training and the Croatian Society of Tambura Pedagogues. 
<br> His students achieve remarkable results at national and international competitions. In 2023, he was promoted to the title of mentor professor.

In 2020, he founded the Ivan Goran Kovačić City Tambura Orchestra in Sisak, where he works as a leader and conductor. 
<br> In 2021, Franjo Pećarić made two significant contributions to the field of music. As a founder and member of the Zagreb Tambura Quartet, he enriched the Croatian music scene, and at the same time, he became a titular assistant at the Academy of Music in Zagreb, passing on his knowledge to future generations of musicians. 
<br> He also participates in the recording of two original sound carriers by Tomislav Uhlik and Tihomir Ranogajac. 
<br> From the academic year 2023/2024, he has enrolled in doctoral studies in chamber music at the Academy of Arts in Novi Sad.</p>



<p></p>

<p>Franjo Pećarić (1995.) rođen je u Vinkovcima gdje završava osnovnoškolsko obrazovanje. Maturirao je u Glazbenoj školi Alberta Štrige u Križevcima 2014. godine odjel tambure i teorijski odjel. Iste godine upisao je Muzičku akademiju u Zagrebu, smjer Glazbena pedagogija. Glazbenu pedagogiju diplomirao je 2019. godine pod mentorstvom v. pred. Veljka Valentina Škorvage, a iste godine je&#8230;</p>

<!-- This site is optimized with the Yoast SEO plugin v24.6 - https://yoast.com/wordpress/plugins/seo/ -->
<title>Franjo Pećarić - Sonus</title>
<meta name="robots" content="index, follow, max-snippet:-1, max-image-preview:large, max-video-preview:-1" />
<link rel="canonical" href="https://sonus.glazbenaudrugaopus.hr/en/blog/profile/franjo-pecaric/" />
<meta property="og:locale" content="en_GB" />
<meta property="og:type" content="article" />
<meta property="og:title" content="Franjo Pećarić - Sonus" />
<meta property="og:description" content="Franjo Pećarić (1995.) rođen je u Vinkovcima gdje završava osnovnoškolsko obrazovanje. Maturirao je u Glazbenoj školi Alberta Štrige u Križevcima 2014. godine odjel tambure i teorijski odjel. Iste godine upisao je Muzičku akademiju u Zagrebu, smjer Glazbena pedagogija. Glazbenu pedagogiju diplomirao je 2019. godine pod mentorstvom v. pred. Veljka Valentina Škorvage, a iste godine je..." />
<meta property="og:url" content="https://sonus.glazbenaudrugaopus.hr/en/blog/profile/franjo-pecaric/" />
<meta property="og:site_name" content="Sonus" />
<meta property="article:modified_time" content="2025-01-11T16:56:27+00:00" />
<meta property="og:image" content="https://sonus.glazbenaudrugaopus.hr/wp-content/uploads/Pecaric-Franjo-fotografija-scaled.jpg" />
	<meta property="og:image:width" content="2560" />
	<meta property="og:image:height" content="1707" />
	<meta property="og:image:type" content="image/jpeg" />
<meta name="twitter:card" content="summary_large_image" />
<meta name="twitter:label1" content="Estimated reading time" />
	<meta name="twitter:data1" content="2 minutes" />
<script type="application/ld+json" class="yoast-schema-graph">{"@context":"https://schema.org","@graph":[{"@type":"WebPage","@id":"https://sonus.glazbenaudrugaopus.hr/blog/profile/franjo-pecaric/","url":"https://sonus.glazbenaudrugaopus.hr/blog/profile/franjo-pecaric/","name":"Franjo Pećarić - Sonus","isPartOf":{"@id":"https://sonus.glazbenaudrugaopus.hr/#website"},"primaryImageOfPage":{"@id":"https://sonus.glazbenaudrugaopus.hr/blog/profile/franjo-pecaric/#primaryimage"},"image":{"@id":"https://sonus.glazbenaudrugaopus.hr/blog/profile/franjo-pecaric/#primaryimage"},"thumbnailUrl":"https://sonus.glazbenaudrugaopus.hr/wp-content/uploads/Pecaric-Franjo-fotografija-scaled.jpg","datePublished":"2025-01-10T15:40:33+00:00","dateModified":"2025-01-11T16:56:27+00:00","breadcrumb":{"@id":"https://sonus.glazbenaudrugaopus.hr/blog/profile/franjo-pecaric/#breadcrumb"},"inLanguage":"en-GB","potentialAction":[{"@type":"ReadAction","target":["https://sonus.glazbenaudrugaopus.hr/blog/profile/franjo-pecaric/"]}]},{"@type":"ImageObject","inLanguage":"en-GB","@id":"https://sonus.glazbenaudrugaopus.hr/blog/profile/franjo-pecaric/#primaryimage","url":"https://sonus.glazbenaudrugaopus.hr/wp-content/uploads/Pecaric-Franjo-fotografija-scaled.jpg","contentUrl":"https://sonus.glazbenaudrugaopus.hr/wp-content/uploads/Pecaric-Franjo-fotografija-scaled.jpg","width":2560,"height":1707},{"@type":"BreadcrumbList","@id":"https://sonus.glazbenaudrugaopus.hr/blog/profile/franjo-pecaric/#breadcrumb","itemListElement":[{"@type":"ListItem","position":1,"name":"Home","item":"https://sonus.glazbenaudrugaopus.hr/"},{"@type":"ListItem","position":2,"name":"Profiles","item":"http://sonus.glazbenaudrugaopus.hr/en/blog/profile/"},{"@type":"ListItem","position":3,"name":"Franjo Pećarić"}]},{"@type":"WebSite","@id":"https://sonus.glazbenaudrugaopus.hr/#website","url":"https://sonus.glazbenaudrugaopus.hr/","name":"Sonus","description":"glazbeno natjecanje sonus","potentialAction":[{"@type":"SearchAction","target":{"@type":"EntryPoint","urlTemplate":"https://sonus.glazbenaudrugaopus.hr/?s={search_term_string}"},"query-input":{"@type":"PropertyValueSpecification","valueRequired":true,"valueName":"search_term_string"}}],"inLanguage":"en-GB"}]}</script>
<!-- / Yoast SEO plugin. -->

Franjo Pećarić - Sonus

Franjo Pećarić (1995.) rođen je u Vinkovcima gdje završava osnovnoškolsko obrazovanje. Maturirao je u Glazbenoj školi Alberta Štrige u Križevcima 2014. godine odjel tambure i teorijski odjel. Iste godine upisao je Muzičku akademiju u Zagrebu, smjer Glazbena pedagogija. Glazbenu pedagogiju diplomirao je 2019. godine pod mentorstvom v. pred. Veljka Valentina Škorvage, a iste godine je...
